{"id":2005,"date":"2022-11-12T12:00:40","date_gmt":"2022-11-12T11:00:40","guid":{"rendered":"https:\/\/imker-aigen.at\/?post_type=tribe_events&#038;p=2005"},"modified":"2022-11-14T11:26:24","modified_gmt":"2022-11-14T10:26:24","slug":"funktionaerstreffen","status":"publish","type":"tribe_events","link":"https:\/\/imker-aigen.at\/index.php\/event\/funktionaerstreffen\/","title":{"rendered":"Funktion\u00e4rstreffen"},"content":{"rendered":"<ul>\n<li>Vorstellung Gauobmann Flachgau (Andreas Brieger)<\/li>\n<li>Pr\u00e4sentation \u00fcber den Landesverein und die neuen Statuten (Landesobmann Willi Kastenauer)<\/li>\n<li>Diskussionsrunde &#8211; Anregungen \/ W\u00fcnsche \/ Beschwerden<\/li>\n<\/ul>\n<p>Pro Ortsgruppe sollten mindestens zwei Funktion\u00e4re teilnehmen. Sollten mehr als zwei Funktion\u00e4re pro Ortsgruppe teilnehmen wollen, bitte Andreas Brieger vorab informieren.<\/p>\n<p><strong>Hier ist das Protokoll der Veranstaltung zum Nachlesen f\u00fcr Vereinsmitglieder: <a href=\"https:\/\/imker-aigen.at\/index.php\/2022\/11\/14\/funktionaerstagung-flachgau-am-12-11-2022\/\">\u21d2\u00a0Funktion\u00e4rstagung Flachgau am 12.11.2022<\/a><\/strong><\/p>\n","protected":false},"excerpt":{"rendered":"<p>Vorstellung Gauobmann Flachgau (Andreas Brieger) Pr\u00e4sentation \u00fcber den Landesverein und die neuen Statuten (Landesobmann Willi Kastenauer) Diskussionsrunde &#8211; Anregungen \/ W\u00fcnsche \/ Beschwerden Pro Ortsgruppe sollten mindestens zwei Funktion\u00e4re teilnehmen. [&hellip;]<\/p>\n","protected":false},"author":1,"featured_media":621,"template":"","meta":{"_tribe_events_status":"","_tribe_events_status_reason":"","footnotes":""},"tags":[],"tribe_events_cat":[17],"class_list":["post-2005","tribe_events","type-tribe_events","status-publish","has-post-thumbnail","hentry","tribe_events_cat-alte-veranstaltungen","cat_alte-veranstaltungen"],"yoast_head":"<!-- This site is optimized with the Yoast SEO plugin v27.4 - https:\/\/yoast.com\/product\/yoast-seo-wordpress\/ -->\n<title>Funktion\u00e4rstreffen - Imker Ortsgruppe Salzburg Aigen<\/title>\n<meta name=\"robots\" content=\"index, follow, max-snippet:-1, max-image-preview:large, max-video-preview:-1\" \/>\n<link rel=\"canonical\" href=\"https:\/\/imker-aigen.at\/index.php\/event\/funktionaerstreffen\/\" \/>\n<meta property=\"og:locale\" content=\"de_DE\" \/>\n<meta property=\"og:type\" content=\"article\" \/>\n<meta property=\"og:title\" content=\"Funktion\u00e4rstreffen - Imker Ortsgruppe Salzburg Aigen\" \/>\n<meta property=\"og:description\" content=\"Vorstellung Gauobmann Flachgau (Andreas Brieger) Pr\u00e4sentation \u00fcber den Landesverein und die neuen Statuten (Landesobmann Willi Kastenauer) Diskussionsrunde &#8211; Anregungen \/ W\u00fcnsche \/ Beschwerden Pro Ortsgruppe sollten mindestens zwei Funktion\u00e4re teilnehmen. [&hellip;]\" \/>\n<meta property=\"og:url\" content=\"https:\/\/imker-aigen.at\/index.php\/event\/funktionaerstreffen\/\" \/>\n<meta property=\"og:site_name\" content=\"Imker Ortsgruppe Salzburg Aigen\" \/>\n<meta property=\"article:modified_time\" content=\"2022-11-14T10:26:24+00:00\" \/>\n<meta property=\"og:image\" content=\"https:\/\/imker-aigen.at\/wp-content\/uploads\/2022\/08\/glasses-beer-1.jpg\" \/>\n\t<meta property=\"og:image:width\" content=\"180\" \/>\n\t<meta property=\"og:image:height\" content=\"241\" \/>\n\t<meta property=\"og:image:type\" content=\"image\/jpeg\" \/>\n<meta name=\"twitter:card\" content=\"summary_large_image\" \/>\n<meta name=\"twitter:label1\" content=\"Gesch\u00e4tzte Lesezeit\" \/>\n\t<meta name=\"twitter:data1\" content=\"1\u00a0Minute\" \/>\n<script type=\"application\/ld+json\" class=\"yoast-schema-graph\">{\"@context\":\"https:\\\/\\\/schema.org\",\"@graph\":[{\"@type\":\"WebPage\",\"@id\":\"https:\\\/\\\/imker-aigen.at\\\/index.php\\\/event\\\/funktionaerstreffen\\\/\",\"url\":\"https:\\\/\\\/imker-aigen.at\\\/index.php\\\/event\\\/funktionaerstreffen\\\/\",\"name\":\"Funktion\u00e4rstreffen - Imker Ortsgruppe Salzburg Aigen\",\"isPartOf\":{\"@id\":\"https:\\\/\\\/imker-aigen.at\\\/#website\"},\"primaryImageOfPage\":{\"@id\":\"https:\\\/\\\/imker-aigen.at\\\/index.php\\\/event\\\/funktionaerstreffen\\\/#primaryimage\"},\"image\":{\"@id\":\"https:\\\/\\\/imker-aigen.at\\\/index.php\\\/event\\\/funktionaerstreffen\\\/#primaryimage\"},\"thumbnailUrl\":\"https:\\\/\\\/imker-aigen.at\\\/wp-content\\\/uploads\\\/2022\\\/08\\\/glasses-beer-1.jpg\",\"datePublished\":\"2022-11-12T11:00:40+00:00\",\"dateModified\":\"2022-11-14T10:26:24+00:00\",\"breadcrumb\":{\"@id\":\"https:\\\/\\\/imker-aigen.at\\\/index.php\\\/event\\\/funktionaerstreffen\\\/#breadcrumb\"},\"inLanguage\":\"de\",\"potentialAction\":[{\"@type\":\"ReadAction\",\"target\":[\"https:\\\/\\\/imker-aigen.at\\\/index.php\\\/event\\\/funktionaerstreffen\\\/\"]}]},{\"@type\":\"ImageObject\",\"inLanguage\":\"de\",\"@id\":\"https:\\\/\\\/imker-aigen.at\\\/index.php\\\/event\\\/funktionaerstreffen\\\/#primaryimage\",\"url\":\"https:\\\/\\\/imker-aigen.at\\\/wp-content\\\/uploads\\\/2022\\\/08\\\/glasses-beer-1.jpg\",\"contentUrl\":\"https:\\\/\\\/imker-aigen.at\\\/wp-content\\\/uploads\\\/2022\\\/08\\\/glasses-beer-1.jpg\",\"width\":180,\"height\":241,\"caption\":\"Bier\"},{\"@type\":\"BreadcrumbList\",\"@id\":\"https:\\\/\\\/imker-aigen.at\\\/index.php\\\/event\\\/funktionaerstreffen\\\/#breadcrumb\",\"itemListElement\":[{\"@type\":\"ListItem\",\"position\":1,\"name\":\"Startseite\",\"item\":\"https:\\\/\\\/imker-aigen.at\\\/index.php\\\/home\\\/\"},{\"@type\":\"ListItem\",\"position\":2,\"name\":\"Veranstaltungen\",\"item\":\"https:\\\/\\\/imker-aigen.at\\\/index.php\\\/events\\\/\"},{\"@type\":\"ListItem\",\"position\":3,\"name\":\"Funktion\u00e4rstreffen\"}]},{\"@type\":\"WebSite\",\"@id\":\"https:\\\/\\\/imker-aigen.at\\\/#website\",\"url\":\"https:\\\/\\\/imker-aigen.at\\\/\",\"name\":\"Imker Ortsgruppe Salzburg Aigen\",\"description\":\"Homepage der Imker-Ortsgruppe Salzburg Aigen\",\"publisher\":{\"@id\":\"https:\\\/\\\/imker-aigen.at\\\/#organization\"},\"potentialAction\":[{\"@type\":\"SearchAction\",\"target\":{\"@type\":\"EntryPoint\",\"urlTemplate\":\"https:\\\/\\\/imker-aigen.at\\\/?s={search_term_string}\"},\"query-input\":{\"@type\":\"PropertyValueSpecification\",\"valueRequired\":true,\"valueName\":\"search_term_string\"}}],\"inLanguage\":\"de\"},{\"@type\":\"Organization\",\"@id\":\"https:\\\/\\\/imker-aigen.at\\\/#organization\",\"name\":\"Imker Ortsgruppe Salzburg Aigen\",\"url\":\"https:\\\/\\\/imker-aigen.at\\\/\",\"logo\":{\"@type\":\"ImageObject\",\"inLanguage\":\"de\",\"@id\":\"https:\\\/\\\/imker-aigen.at\\\/#\\\/schema\\\/logo\\\/image\\\/\",\"url\":\"https:\\\/\\\/imker-aigen.at\\\/wp-content\\\/uploads\\\/2022\\\/08\\\/logo-1.png\",\"contentUrl\":\"https:\\\/\\\/imker-aigen.at\\\/wp-content\\\/uploads\\\/2022\\\/08\\\/logo-1.png\",\"width\":392,\"height\":156,\"caption\":\"Imker Ortsgruppe Salzburg Aigen\"},\"image\":{\"@id\":\"https:\\\/\\\/imker-aigen.at\\\/#\\\/schema\\\/logo\\\/image\\\/\"}}]}<\/script>\n<!-- \/ Yoast SEO plugin. -->","yoast_head_json":{"title":"Funktion\u00e4rstreffen - Imker Ortsgruppe Salzburg Aigen","robots":{"index":"index","follow":"follow","max-snippet":"max-snippet:-1","max-image-preview":"max-image-preview:large","max-video-preview":"max-video-preview:-1"},"canonical":"https:\/\/imker-aigen.at\/index.php\/event\/funktionaerstreffen\/","og_locale":"de_DE","og_type":"article","og_title":"Funktion\u00e4rstreffen - Imker Ortsgruppe Salzburg Aigen","og_description":"Vorstellung Gauobmann Flachgau (Andreas Brieger) Pr\u00e4sentation \u00fcber den Landesverein und die neuen Statuten (Landesobmann Willi Kastenauer) Diskussionsrunde &#8211; Anregungen \/ W\u00fcnsche \/ Beschwerden Pro Ortsgruppe sollten mindestens zwei Funktion\u00e4re teilnehmen. [&hellip;]","og_url":"https:\/\/imker-aigen.at\/index.php\/event\/funktionaerstreffen\/","og_site_name":"Imker Ortsgruppe Salzburg Aigen","article_modified_time":"2022-11-14T10:26:24+00:00","og_image":[{"width":180,"height":241,"url":"https:\/\/imker-aigen.at\/wp-content\/uploads\/2022\/08\/glasses-beer-1.jpg","type":"image\/jpeg"}],"twitter_card":"summary_large_image","twitter_misc":{"Gesch\u00e4tzte Lesezeit":"1\u00a0Minute"},"schema":{"@context":"https:\/\/schema.org","@graph":[{"@type":"WebPage","@id":"https:\/\/imker-aigen.at\/index.php\/event\/funktionaerstreffen\/","url":"https:\/\/imker-aigen.at\/index.php\/event\/funktionaerstreffen\/","name":"Funktion\u00e4rstreffen - Imker Ortsgruppe Salzburg Aigen","isPartOf":{"@id":"https:\/\/imker-aigen.at\/#website"},"primaryImageOfPage":{"@id":"https:\/\/imker-aigen.at\/index.php\/event\/funktionaerstreffen\/#primaryimage"},"image":{"@id":"https:\/\/imker-aigen.at\/index.php\/event\/funktionaerstreffen\/#primaryimage"},"thumbnailUrl":"https:\/\/imker-aigen.at\/wp-content\/uploads\/2022\/08\/glasses-beer-1.jpg","datePublished":"2022-11-12T11:00:40+00:00","dateModified":"2022-11-14T10:26:24+00:00","breadcrumb":{"@id":"https:\/\/imker-aigen.at\/index.php\/event\/funktionaerstreffen\/#breadcrumb"},"inLanguage":"de","potentialAction":[{"@type":"ReadAction","target":["https:\/\/imker-aigen.at\/index.php\/event\/funktionaerstreffen\/"]}]},{"@type":"ImageObject","inLanguage":"de","@id":"https:\/\/imker-aigen.at\/index.php\/event\/funktionaerstreffen\/#primaryimage","url":"https:\/\/imker-aigen.at\/wp-content\/uploads\/2022\/08\/glasses-beer-1.jpg","contentUrl":"https:\/\/imker-aigen.at\/wp-content\/uploads\/2022\/08\/glasses-beer-1.jpg","width":180,"height":241,"caption":"Bier"},{"@type":"BreadcrumbList","@id":"https:\/\/imker-aigen.at\/index.php\/event\/funktionaerstreffen\/#breadcrumb","itemListElement":[{"@type":"ListItem","position":1,"name":"Startseite","item":"https:\/\/imker-aigen.at\/index.php\/home\/"},{"@type":"ListItem","position":2,"name":"Veranstaltungen","item":"https:\/\/imker-aigen.at\/index.php\/events\/"},{"@type":"ListItem","position":3,"name":"Funktion\u00e4rstreffen"}]},{"@type":"WebSite","@id":"https:\/\/imker-aigen.at\/#website","url":"https:\/\/imker-aigen.at\/","name":"Imker Ortsgruppe Salzburg Aigen","description":"Homepage der Imker-Ortsgruppe Salzburg Aigen","publisher":{"@id":"https:\/\/imker-aigen.at\/#organization"},"potentialAction":[{"@type":"SearchAction","target":{"@type":"EntryPoint","urlTemplate":"https:\/\/imker-aigen.at\/?s={search_term_string}"},"query-input":{"@type":"PropertyValueSpecification","valueRequired":true,"valueName":"search_term_string"}}],"inLanguage":"de"},{"@type":"Organization","@id":"https:\/\/imker-aigen.at\/#organization","name":"Imker Ortsgruppe Salzburg Aigen","url":"https:\/\/imker-aigen.at\/","logo":{"@type":"ImageObject","inLanguage":"de","@id":"https:\/\/imker-aigen.at\/#\/schema\/logo\/image\/","url":"https:\/\/imker-aigen.at\/wp-content\/uploads\/2022\/08\/logo-1.png","contentUrl":"https:\/\/imker-aigen.at\/wp-content\/uploads\/2022\/08\/logo-1.png","width":392,"height":156,"caption":"Imker Ortsgruppe Salzburg Aigen"},"image":{"@id":"https:\/\/imker-aigen.at\/#\/schema\/logo\/image\/"}}]}},"_links":{"self":[{"href":"https:\/\/imker-aigen.at\/index.php\/wp-json\/wp\/v2\/tribe_events\/2005","targetHints":{"allow":["GET"]}}],"collection":[{"href":"https:\/\/imker-aigen.at\/index.php\/wp-json\/wp\/v2\/tribe_events"}],"about":[{"href":"https:\/\/imker-aigen.at\/index.php\/wp-json\/wp\/v2\/types\/tribe_events"}],"author":[{"embeddable":true,"href":"https:\/\/imker-aigen.at\/index.php\/wp-json\/wp\/v2\/users\/1"}],"version-history":[{"count":11,"href":"https:\/\/imker-aigen.at\/index.php\/wp-json\/wp\/v2\/tribe_events\/2005\/revisions"}],"predecessor-version":[{"id":2159,"href":"https:\/\/imker-aigen.at\/index.php\/wp-json\/wp\/v2\/tribe_events\/2005\/revisions\/2159"}],"wp:featuredmedia":[{"embeddable":true,"href":"https:\/\/imker-aigen.at\/index.php\/wp-json\/wp\/v2\/media\/621"}],"wp:attachment":[{"href":"https:\/\/imker-aigen.at\/index.php\/wp-json\/wp\/v2\/media?parent=2005"}],"wp:term":[{"taxonomy":"post_tag","embeddable":true,"href":"https:\/\/imker-aigen.at\/index.php\/wp-json\/wp\/v2\/tags?post=2005"},{"taxonomy":"tribe_events_cat","embeddable":true,"href":"https:\/\/imker-aigen.at\/index.php\/wp-json\/wp\/v2\/tribe_events_cat?post=2005"}],"curies":[{"name":"wp","href":"https:\/\/api.w.org\/{rel}","templated":true}]}}

Funktionärstreffen

<ul>
<li>Vorstellung Gauobmann Flachgau (Andreas Brieger)</li>
<li>Präsentation über den Landesverein und die neuen Statuten (Landesobmann Willi Kastenauer)</li>
<li>Diskussionsrunde &#8211; Anregungen / Wünsche / Beschwerden</li>
</ul>
<p>Pro Ortsgruppe sollten mindestens zwei Funktionäre teilnehmen. Sollten mehr als zwei Funktionäre pro Ortsgruppe teilnehmen wollen, bitte Andreas Brieger vorab informieren.</p>
<p><strong>Hier ist das Protokoll der Veranstaltung zum Nachlesen für Vereinsmitglieder: <a href="https://imker-aigen.at/index.php/2022/11/14/funktionaerstagung-flachgau-am-12-11-2022/">⇒ Funktionärstagung Flachgau am 12.11.2022</a></strong></p>

<p>Vorstellung Gauobmann Flachgau (Andreas Brieger) Präsentation über den Landesverein und die neuen Statuten (Landesobmann Willi Kastenauer) Diskussionsrunde &#8211; Anregungen / Wünsche / Beschwerden Pro Ortsgruppe sollten mindestens zwei Funktionäre teilnehmen. [&hellip;]</p>

<!-- This site is optimized with the Yoast SEO plugin v27.4 - https://yoast.com/product/yoast-seo-wordpress/ -->
<title>Funktionärstreffen - Imker Ortsgruppe Salzburg Aigen</title>
<meta name="robots" content="index, follow, max-snippet:-1, max-image-preview:large, max-video-preview:-1" />
<link rel="canonical" href="https://imker-aigen.at/index.php/event/funktionaerstreffen/" />
<meta property="og:locale" content="de_DE" />
<meta property="og:type" content="article" />
<meta property="og:title" content="Funktionärstreffen - Imker Ortsgruppe Salzburg Aigen" />
<meta property="og:description" content="Vorstellung Gauobmann Flachgau (Andreas Brieger) Präsentation über den Landesverein und die neuen Statuten (Landesobmann Willi Kastenauer) Diskussionsrunde &#8211; Anregungen / Wünsche / Beschwerden Pro Ortsgruppe sollten mindestens zwei Funktionäre teilnehmen. [&hellip;]" />
<meta property="og:url" content="https://imker-aigen.at/index.php/event/funktionaerstreffen/" />
<meta property="og:site_name" content="Imker Ortsgruppe Salzburg Aigen" />
<meta property="article:modified_time" content="2022-11-14T10:26:24+00:00" />
<meta property="og:image" content="https://imker-aigen.at/wp-content/uploads/2022/08/glasses-beer-1.jpg" />
	<meta property="og:image:width" content="180" />
	<meta property="og:image:height" content="241" />
	<meta property="og:image:type" content="image/jpeg" />
<meta name="twitter:card" content="summary_large_image" />
<meta name="twitter:label1" content="Geschätzte Lesezeit" />
	<meta name="twitter:data1" content="1 Minute" />
<script type="application/ld+json" class="yoast-schema-graph">{"@context":"https:\/\/schema.org","@graph":[{"@type":"WebPage","@id":"https:\/\/imker-aigen.at\/index.php\/event\/funktionaerstreffen\/","url":"https:\/\/imker-aigen.at\/index.php\/event\/funktionaerstreffen\/","name":"Funktionärstreffen - Imker Ortsgruppe Salzburg Aigen","isPartOf":{"@id":"https:\/\/imker-aigen.at\/#website"},"primaryImageOfPage":{"@id":"https:\/\/imker-aigen.at\/index.php\/event\/funktionaerstreffen\/#primaryimage"},"image":{"@id":"https:\/\/imker-aigen.at\/index.php\/event\/funktionaerstreffen\/#primaryimage"},"thumbnailUrl":"https:\/\/imker-aigen.at\/wp-content\/uploads\/2022\/08\/glasses-beer-1.jpg","datePublished":"2022-11-12T11:00:40+00:00","dateModified":"2022-11-14T10:26:24+00:00","breadcrumb":{"@id":"https:\/\/imker-aigen.at\/index.php\/event\/funktionaerstreffen\/#breadcrumb"},"inLanguage":"de","potentialAction":[{"@type":"ReadAction","target":["https:\/\/imker-aigen.at\/index.php\/event\/funktionaerstreffen\/"]}]},{"@type":"ImageObject","inLanguage":"de","@id":"https:\/\/imker-aigen.at\/index.php\/event\/funktionaerstreffen\/#primaryimage","url":"https:\/\/imker-aigen.at\/wp-content\/uploads\/2022\/08\/glasses-beer-1.jpg","contentUrl":"https:\/\/imker-aigen.at\/wp-content\/uploads\/2022\/08\/glasses-beer-1.jpg","width":180,"height":241,"caption":"Bier"},{"@type":"BreadcrumbList","@id":"https:\/\/imker-aigen.at\/index.php\/event\/funktionaerstreffen\/#breadcrumb","itemListElement":[{"@type":"ListItem","position":1,"name":"Startseite","item":"https:\/\/imker-aigen.at\/index.php\/home\/"},{"@type":"ListItem","position":2,"name":"Veranstaltungen","item":"https:\/\/imker-aigen.at\/index.php\/events\/"},{"@type":"ListItem","position":3,"name":"Funktionärstreffen"}]},{"@type":"WebSite","@id":"https:\/\/imker-aigen.at\/#website","url":"https:\/\/imker-aigen.at\/","name":"Imker Ortsgruppe Salzburg Aigen","description":"Homepage der Imker-Ortsgruppe Salzburg Aigen","publisher":{"@id":"https:\/\/imker-aigen.at\/#organization"},"potentialAction":[{"@type":"SearchAction","target":{"@type":"EntryPoint","urlTemplate":"https:\/\/imker-aigen.at\/?s={search_term_string}"},"query-input":{"@type":"PropertyValueSpecification","valueRequired":true,"valueName":"search_term_string"}}],"inLanguage":"de"},{"@type":"Organization","@id":"https:\/\/imker-aigen.at\/#organization","name":"Imker Ortsgruppe Salzburg Aigen","url":"https:\/\/imker-aigen.at\/","logo":{"@type":"ImageObject","inLanguage":"de","@id":"https:\/\/imker-aigen.at\/#\/schema\/logo\/image\/","url":"https:\/\/imker-aigen.at\/wp-content\/uploads\/2022\/08\/logo-1.png","contentUrl":"https:\/\/imker-aigen.at\/wp-content\/uploads\/2022\/08\/logo-1.png","width":392,"height":156,"caption":"Imker Ortsgruppe Salzburg Aigen"},"image":{"@id":"https:\/\/imker-aigen.at\/#\/schema\/logo\/image\/"}}]}</script>
<!-- / Yoast SEO plugin. -->

Funktionärstreffen - Imker Ortsgruppe Salzburg Aigen

Vorstellung Gauobmann Flachgau (Andreas Brieger) Präsentation über den Landesverein und die neuen Statuten (Landesobmann Willi Kastenauer) Diskussionsrunde &#8211; Anregungen / Wünsche / Beschwerden Pro Ortsgruppe sollten mindestens zwei Funktionäre teilnehmen. [&hellip;]
