{"id":4998,"date":"2024-01-23T16:31:40","date_gmt":"2024-01-23T15:31:40","guid":{"rendered":"https:\/\/imker-aigen.at\/?post_type=tribe_events&#038;p=4998"},"modified":"2024-01-23T16:38:17","modified_gmt":"2024-01-23T15:38:17","slug":"imkerkreisversammlung-2024-in-piding","status":"publish","type":"tribe_events","link":"https:\/\/imker-aigen.at\/index.php\/event\/imkerkreisversammlung-2024-in-piding\/","title":{"rendered":"Imkerkreisversammlung 2024 in Piding"},"content":{"rendered":"<h3>Tagesordnung<\/h3>\n<ul>\n<li>Begr\u00fc\u00dfung<\/li>\n<li>Totengedenken<\/li>\n<li>Bericht des 1. Vorsitzenden<\/li>\n<li>Gru\u00dfworte<\/li>\n<li><strong>Vortrag von Imkermeister und Pr\u00fcfhofleiter Achim Fuchs zum Thema &#8222;K\u00f6niginnenzucht in Bayern&#8220;<\/strong><br \/>\n&#8211; Leistungspr\u00fcfung am Pr\u00fcfhof Kringell<br \/>\n&#8211; Zuchtwertsch\u00e4tzung<br \/>\n&#8211; K\u00f6rung<br \/>\n&#8211; Beebreed<\/li>\n<li>Bericht der Bienensachverst\u00e4ndigen<\/li>\n<li>Vorhaben und Termine im Jahr 2024<\/li>\n<li>W\u00fcnsche und Anregungen<\/li>\n<\/ul>\n<p><a href=\"https:\/\/imker-aigen.at\/wp-content\/uploads\/2024\/01\/Einladung_Imkerkreisversammlung_2024.pdf\">&gt;Einladung zur Imkerkreisversammlung 2024&lt;<\/a><\/p>\n","protected":false},"excerpt":{"rendered":"<p>Tagesordnung Begr\u00fc\u00dfung Totengedenken Bericht des 1. Vorsitzenden Gru\u00dfworte Vortrag von Imkermeister und Pr\u00fcfhofleiter Achim Fuchs zum Thema &#8222;K\u00f6niginnenzucht in Bayern&#8220; &#8211; Leistungspr\u00fcfung am Pr\u00fcfhof Kringell &#8211; Zuchtwertsch\u00e4tzung &#8211; K\u00f6rung &#8211; [&hellip;]<\/p>\n","protected":false},"author":1,"featured_media":0,"template":"","meta":{"_tribe_events_status":"","_tribe_events_status_reason":"","footnotes":""},"tags":[],"tribe_events_cat":[],"class_list":["post-4998","tribe_events","type-tribe_events","status-publish","hentry"],"yoast_head":"<!-- This site is optimized with the Yoast SEO plugin v27.4 - https:\/\/yoast.com\/product\/yoast-seo-wordpress\/ -->\n<title>Imkerkreisversammlung 2024 in Piding - Imker Ortsgruppe Salzburg Aigen<\/title>\n<meta name=\"description\" content=\"Der Kreisverband der Imker Berchtesgadener Land l\u00e4dt zur Imkerkreisversammlung ein\" \/>\n<meta name=\"robots\" content=\"index, follow, max-snippet:-1, max-image-preview:large, max-video-preview:-1\" \/>\n<link rel=\"canonical\" href=\"https:\/\/imker-aigen.at\/index.php\/event\/imkerkreisversammlung-2024-in-piding\/\" \/>\n<meta property=\"og:locale\" content=\"de_DE\" \/>\n<meta property=\"og:type\" content=\"article\" \/>\n<meta property=\"og:title\" content=\"Imkerkreisversammlung 2024 in Piding - Imker Ortsgruppe Salzburg Aigen\" \/>\n<meta property=\"og:description\" content=\"Der Kreisverband der Imker Berchtesgadener Land l\u00e4dt zur Imkerkreisversammlung ein\" \/>\n<meta property=\"og:url\" content=\"https:\/\/imker-aigen.at\/index.php\/event\/imkerkreisversammlung-2024-in-piding\/\" \/>\n<meta property=\"og:site_name\" content=\"Imker Ortsgruppe Salzburg Aigen\" \/>\n<meta property=\"article:modified_time\" content=\"2024-01-23T15:38:17+00:00\" \/>\n<meta name=\"twitter:card\" content=\"summary_large_image\" \/>\n<meta name=\"twitter:label1\" content=\"Gesch\u00e4tzte Lesezeit\" \/>\n\t<meta name=\"twitter:data1\" content=\"1\u00a0Minute\" \/>\n<script type=\"application\/ld+json\" class=\"yoast-schema-graph\">{\"@context\":\"https:\\\/\\\/schema.org\",\"@graph\":[{\"@type\":\"WebPage\",\"@id\":\"https:\\\/\\\/imker-aigen.at\\\/index.php\\\/event\\\/imkerkreisversammlung-2024-in-piding\\\/\",\"url\":\"https:\\\/\\\/imker-aigen.at\\\/index.php\\\/event\\\/imkerkreisversammlung-2024-in-piding\\\/\",\"name\":\"Imkerkreisversammlung 2024 in Piding - Imker Ortsgruppe Salzburg Aigen\",\"isPartOf\":{\"@id\":\"https:\\\/\\\/imker-aigen.at\\\/#website\"},\"datePublished\":\"2024-01-23T15:31:40+00:00\",\"dateModified\":\"2024-01-23T15:38:17+00:00\",\"description\":\"Der Kreisverband der Imker Berchtesgadener Land l\u00e4dt zur Imkerkreisversammlung ein\",\"breadcrumb\":{\"@id\":\"https:\\\/\\\/imker-aigen.at\\\/index.php\\\/event\\\/imkerkreisversammlung-2024-in-piding\\\/#breadcrumb\"},\"inLanguage\":\"de\",\"potentialAction\":[{\"@type\":\"ReadAction\",\"target\":[\"https:\\\/\\\/imker-aigen.at\\\/index.php\\\/event\\\/imkerkreisversammlung-2024-in-piding\\\/\"]}]},{\"@type\":\"BreadcrumbList\",\"@id\":\"https:\\\/\\\/imker-aigen.at\\\/index.php\\\/event\\\/imkerkreisversammlung-2024-in-piding\\\/#breadcrumb\",\"itemListElement\":[{\"@type\":\"ListItem\",\"position\":1,\"name\":\"Startseite\",\"item\":\"https:\\\/\\\/imker-aigen.at\\\/index.php\\\/home\\\/\"},{\"@type\":\"ListItem\",\"position\":2,\"name\":\"Veranstaltungen\",\"item\":\"https:\\\/\\\/imker-aigen.at\\\/index.php\\\/events\\\/\"},{\"@type\":\"ListItem\",\"position\":3,\"name\":\"Imkerkreisversammlung 2024 in Piding\"}]},{\"@type\":\"WebSite\",\"@id\":\"https:\\\/\\\/imker-aigen.at\\\/#website\",\"url\":\"https:\\\/\\\/imker-aigen.at\\\/\",\"name\":\"Imker Ortsgruppe Salzburg Aigen\",\"description\":\"Homepage der Imker-Ortsgruppe Salzburg Aigen\",\"publisher\":{\"@id\":\"https:\\\/\\\/imker-aigen.at\\\/#organization\"},\"potentialAction\":[{\"@type\":\"SearchAction\",\"target\":{\"@type\":\"EntryPoint\",\"urlTemplate\":\"https:\\\/\\\/imker-aigen.at\\\/?s={search_term_string}\"},\"query-input\":{\"@type\":\"PropertyValueSpecification\",\"valueRequired\":true,\"valueName\":\"search_term_string\"}}],\"inLanguage\":\"de\"},{\"@type\":\"Organization\",\"@id\":\"https:\\\/\\\/imker-aigen.at\\\/#organization\",\"name\":\"Imker Ortsgruppe Salzburg Aigen\",\"url\":\"https:\\\/\\\/imker-aigen.at\\\/\",\"logo\":{\"@type\":\"ImageObject\",\"inLanguage\":\"de\",\"@id\":\"https:\\\/\\\/imker-aigen.at\\\/#\\\/schema\\\/logo\\\/image\\\/\",\"url\":\"https:\\\/\\\/imker-aigen.at\\\/wp-content\\\/uploads\\\/2022\\\/08\\\/logo-1.png\",\"contentUrl\":\"https:\\\/\\\/imker-aigen.at\\\/wp-content\\\/uploads\\\/2022\\\/08\\\/logo-1.png\",\"width\":392,\"height\":156,\"caption\":\"Imker Ortsgruppe Salzburg Aigen\"},\"image\":{\"@id\":\"https:\\\/\\\/imker-aigen.at\\\/#\\\/schema\\\/logo\\\/image\\\/\"}}]}<\/script>\n<!-- \/ Yoast SEO plugin. -->","yoast_head_json":{"title":"Imkerkreisversammlung 2024 in Piding - Imker Ortsgruppe Salzburg Aigen","description":"Der Kreisverband der Imker Berchtesgadener Land l\u00e4dt zur Imkerkreisversammlung ein","robots":{"index":"index","follow":"follow","max-snippet":"max-snippet:-1","max-image-preview":"max-image-preview:large","max-video-preview":"max-video-preview:-1"},"canonical":"https:\/\/imker-aigen.at\/index.php\/event\/imkerkreisversammlung-2024-in-piding\/","og_locale":"de_DE","og_type":"article","og_title":"Imkerkreisversammlung 2024 in Piding - Imker Ortsgruppe Salzburg Aigen","og_description":"Der Kreisverband der Imker Berchtesgadener Land l\u00e4dt zur Imkerkreisversammlung ein","og_url":"https:\/\/imker-aigen.at\/index.php\/event\/imkerkreisversammlung-2024-in-piding\/","og_site_name":"Imker Ortsgruppe Salzburg Aigen","article_modified_time":"2024-01-23T15:38:17+00:00","twitter_card":"summary_large_image","twitter_misc":{"Gesch\u00e4tzte Lesezeit":"1\u00a0Minute"},"schema":{"@context":"https:\/\/schema.org","@graph":[{"@type":"WebPage","@id":"https:\/\/imker-aigen.at\/index.php\/event\/imkerkreisversammlung-2024-in-piding\/","url":"https:\/\/imker-aigen.at\/index.php\/event\/imkerkreisversammlung-2024-in-piding\/","name":"Imkerkreisversammlung 2024 in Piding - Imker Ortsgruppe Salzburg Aigen","isPartOf":{"@id":"https:\/\/imker-aigen.at\/#website"},"datePublished":"2024-01-23T15:31:40+00:00","dateModified":"2024-01-23T15:38:17+00:00","description":"Der Kreisverband der Imker Berchtesgadener Land l\u00e4dt zur Imkerkreisversammlung ein","breadcrumb":{"@id":"https:\/\/imker-aigen.at\/index.php\/event\/imkerkreisversammlung-2024-in-piding\/#breadcrumb"},"inLanguage":"de","potentialAction":[{"@type":"ReadAction","target":["https:\/\/imker-aigen.at\/index.php\/event\/imkerkreisversammlung-2024-in-piding\/"]}]},{"@type":"BreadcrumbList","@id":"https:\/\/imker-aigen.at\/index.php\/event\/imkerkreisversammlung-2024-in-piding\/#breadcrumb","itemListElement":[{"@type":"ListItem","position":1,"name":"Startseite","item":"https:\/\/imker-aigen.at\/index.php\/home\/"},{"@type":"ListItem","position":2,"name":"Veranstaltungen","item":"https:\/\/imker-aigen.at\/index.php\/events\/"},{"@type":"ListItem","position":3,"name":"Imkerkreisversammlung 2024 in Piding"}]},{"@type":"WebSite","@id":"https:\/\/imker-aigen.at\/#website","url":"https:\/\/imker-aigen.at\/","name":"Imker Ortsgruppe Salzburg Aigen","description":"Homepage der Imker-Ortsgruppe Salzburg Aigen","publisher":{"@id":"https:\/\/imker-aigen.at\/#organization"},"potentialAction":[{"@type":"SearchAction","target":{"@type":"EntryPoint","urlTemplate":"https:\/\/imker-aigen.at\/?s={search_term_string}"},"query-input":{"@type":"PropertyValueSpecification","valueRequired":true,"valueName":"search_term_string"}}],"inLanguage":"de"},{"@type":"Organization","@id":"https:\/\/imker-aigen.at\/#organization","name":"Imker Ortsgruppe Salzburg Aigen","url":"https:\/\/imker-aigen.at\/","logo":{"@type":"ImageObject","inLanguage":"de","@id":"https:\/\/imker-aigen.at\/#\/schema\/logo\/image\/","url":"https:\/\/imker-aigen.at\/wp-content\/uploads\/2022\/08\/logo-1.png","contentUrl":"https:\/\/imker-aigen.at\/wp-content\/uploads\/2022\/08\/logo-1.png","width":392,"height":156,"caption":"Imker Ortsgruppe Salzburg Aigen"},"image":{"@id":"https:\/\/imker-aigen.at\/#\/schema\/logo\/image\/"}}]}},"_links":{"self":[{"href":"https:\/\/imker-aigen.at\/index.php\/wp-json\/wp\/v2\/tribe_events\/4998","targetHints":{"allow":["GET"]}}],"collection":[{"href":"https:\/\/imker-aigen.at\/index.php\/wp-json\/wp\/v2\/tribe_events"}],"about":[{"href":"https:\/\/imker-aigen.at\/index.php\/wp-json\/wp\/v2\/types\/tribe_events"}],"author":[{"embeddable":true,"href":"https:\/\/imker-aigen.at\/index.php\/wp-json\/wp\/v2\/users\/1"}],"version-history":[{"count":4,"href":"https:\/\/imker-aigen.at\/index.php\/wp-json\/wp\/v2\/tribe_events\/4998\/revisions"}],"predecessor-version":[{"id":5004,"href":"https:\/\/imker-aigen.at\/index.php\/wp-json\/wp\/v2\/tribe_events\/4998\/revisions\/5004"}],"wp:attachment":[{"href":"https:\/\/imker-aigen.at\/index.php\/wp-json\/wp\/v2\/media?parent=4998"}],"wp:term":[{"taxonomy":"post_tag","embeddable":true,"href":"https:\/\/imker-aigen.at\/index.php\/wp-json\/wp\/v2\/tags?post=4998"},{"taxonomy":"tribe_events_cat","embeddable":true,"href":"https:\/\/imker-aigen.at\/index.php\/wp-json\/wp\/v2\/tribe_events_cat?post=4998"}],"curies":[{"name":"wp","href":"https:\/\/api.w.org\/{rel}","templated":true}]}}

<h3>Tagesordnung</h3>
<ul>
<li>Begrüßung</li>
<li>Totengedenken</li>
<li>Bericht des 1. Vorsitzenden</li>
<li>Grußworte</li>
<li><strong>Vortrag von Imkermeister und Prüfhofleiter Achim Fuchs zum Thema &#8222;Königinnenzucht in Bayern&#8220;</strong><br />
&#8211; Leistungsprüfung am Prüfhof Kringell<br />
&#8211; Zuchtwertschätzung<br />
&#8211; Körung<br />
&#8211; Beebreed</li>
<li>Bericht der Bienensachverständigen</li>
<li>Vorhaben und Termine im Jahr 2024</li>
<li>Wünsche und Anregungen</li>
</ul>
<p><a href="https://imker-aigen.at/wp-content/uploads/2024/01/Einladung_Imkerkreisversammlung_2024.pdf">&gt;Einladung zur Imkerkreisversammlung 2024&lt;</a></p>

<p>Tagesordnung Begrüßung Totengedenken Bericht des 1. Vorsitzenden Grußworte Vortrag von Imkermeister und Prüfhofleiter Achim Fuchs zum Thema &#8222;Königinnenzucht in Bayern&#8220; &#8211; Leistungsprüfung am Prüfhof Kringell &#8211; Zuchtwertschätzung &#8211; Körung &#8211; [&hellip;]</p>

<!-- This site is optimized with the Yoast SEO plugin v27.4 - https://yoast.com/product/yoast-seo-wordpress/ -->
<title>Imkerkreisversammlung 2024 in Piding - Imker Ortsgruppe Salzburg Aigen</title>
<meta name="description" content="Der Kreisverband der Imker Berchtesgadener Land lädt zur Imkerkreisversammlung ein" />
<meta name="robots" content="index, follow, max-snippet:-1, max-image-preview:large, max-video-preview:-1" />
<link rel="canonical" href="https://imker-aigen.at/index.php/event/imkerkreisversammlung-2024-in-piding/" />
<meta property="og:locale" content="de_DE" />
<meta property="og:type" content="article" />
<meta property="og:title" content="Imkerkreisversammlung 2024 in Piding - Imker Ortsgruppe Salzburg Aigen" />
<meta property="og:description" content="Der Kreisverband der Imker Berchtesgadener Land lädt zur Imkerkreisversammlung ein" />
<meta property="og:url" content="https://imker-aigen.at/index.php/event/imkerkreisversammlung-2024-in-piding/" />
<meta property="og:site_name" content="Imker Ortsgruppe Salzburg Aigen" />
<meta property="article:modified_time" content="2024-01-23T15:38:17+00:00" />
<meta name="twitter:card" content="summary_large_image" />
<meta name="twitter:label1" content="Geschätzte Lesezeit" />
	<meta name="twitter:data1" content="1 Minute" />
<script type="application/ld+json" class="yoast-schema-graph">{"@context":"https:\/\/schema.org","@graph":[{"@type":"WebPage","@id":"https:\/\/imker-aigen.at\/index.php\/event\/imkerkreisversammlung-2024-in-piding\/","url":"https:\/\/imker-aigen.at\/index.php\/event\/imkerkreisversammlung-2024-in-piding\/","name":"Imkerkreisversammlung 2024 in Piding - Imker Ortsgruppe Salzburg Aigen","isPartOf":{"@id":"https:\/\/imker-aigen.at\/#website"},"datePublished":"2024-01-23T15:31:40+00:00","dateModified":"2024-01-23T15:38:17+00:00","description":"Der Kreisverband der Imker Berchtesgadener Land lädt zur Imkerkreisversammlung ein","breadcrumb":{"@id":"https:\/\/imker-aigen.at\/index.php\/event\/imkerkreisversammlung-2024-in-piding\/#breadcrumb"},"inLanguage":"de","potentialAction":[{"@type":"ReadAction","target":["https:\/\/imker-aigen.at\/index.php\/event\/imkerkreisversammlung-2024-in-piding\/"]}]},{"@type":"BreadcrumbList","@id":"https:\/\/imker-aigen.at\/index.php\/event\/imkerkreisversammlung-2024-in-piding\/#breadcrumb","itemListElement":[{"@type":"ListItem","position":1,"name":"Startseite","item":"https:\/\/imker-aigen.at\/index.php\/home\/"},{"@type":"ListItem","position":2,"name":"Veranstaltungen","item":"https:\/\/imker-aigen.at\/index.php\/events\/"},{"@type":"ListItem","position":3,"name":"Imkerkreisversammlung 2024 in Piding"}]},{"@type":"WebSite","@id":"https:\/\/imker-aigen.at\/#website","url":"https:\/\/imker-aigen.at\/","name":"Imker Ortsgruppe Salzburg Aigen","description":"Homepage der Imker-Ortsgruppe Salzburg Aigen","publisher":{"@id":"https:\/\/imker-aigen.at\/#organization"},"potentialAction":[{"@type":"SearchAction","target":{"@type":"EntryPoint","urlTemplate":"https:\/\/imker-aigen.at\/?s={search_term_string}"},"query-input":{"@type":"PropertyValueSpecification","valueRequired":true,"valueName":"search_term_string"}}],"inLanguage":"de"},{"@type":"Organization","@id":"https:\/\/imker-aigen.at\/#organization","name":"Imker Ortsgruppe Salzburg Aigen","url":"https:\/\/imker-aigen.at\/","logo":{"@type":"ImageObject","inLanguage":"de","@id":"https:\/\/imker-aigen.at\/#\/schema\/logo\/image\/","url":"https:\/\/imker-aigen.at\/wp-content\/uploads\/2022\/08\/logo-1.png","contentUrl":"https:\/\/imker-aigen.at\/wp-content\/uploads\/2022\/08\/logo-1.png","width":392,"height":156,"caption":"Imker Ortsgruppe Salzburg Aigen"},"image":{"@id":"https:\/\/imker-aigen.at\/#\/schema\/logo\/image\/"}}]}</script>
<!-- / Yoast SEO plugin. -->

Der Kreisverband der Imker Berchtesgadener Land lädt zur Imkerkreisversammlung ein
