{"id":7531,"date":"2025-07-04T15:00:19","date_gmt":"2025-07-04T13:00:19","guid":{"rendered":"https:\/\/imker-aigen.at\/?post_type=tribe_events&#038;p=7531"},"modified":"2025-07-06T19:08:32","modified_gmt":"2025-07-06T17:08:32","slug":"besuch-des-bienenstandes-von-josef-hutzinger-in-muntigl","status":"publish","type":"tribe_events","link":"https:\/\/imker-aigen.at\/index.php\/event\/besuch-des-bienenstandes-von-josef-hutzinger-in-muntigl\/","title":{"rendered":"Besuch des Bienenstandes von Josef Hutzinger in Muntigl"},"content":{"rendered":"<p><strong>Bitte um verl\u00e4ssliche Anmeldung bis zum 30.06.2025, damit wir besser planen k\u00f6nnen!<\/strong><\/p>\n<p>F\u00fcr das leibliche Wohl ist gesorgt. Daf\u00fcr wird ein Unkostenbeitrag von 10 \u20ac pro Person erhoben.<\/p>\n<p><a href=\"https:\/\/imker-aigen.at\/index.php\/2025\/07\/05\/standbesuch-bei-josef-hutzinger-in-muntigl-am-4-7-2025\/\"><strong>\u21d2 Bericht \u00fcber den Standbesuch am 4.7.2025<\/strong><\/a><\/p>\n","protected":false},"excerpt":{"rendered":"<p>Bitte um verl\u00e4ssliche Anmeldung bis zum 30.06.2025, damit wir besser planen k\u00f6nnen! F\u00fcr das leibliche Wohl ist gesorgt. Daf\u00fcr wird ein Unkostenbeitrag von 10 \u20ac pro Person erhoben. \u21d2 Bericht [&hellip;]<\/p>\n","protected":false},"author":1,"featured_media":8204,"template":"","meta":{"_tribe_events_status":"","_tribe_events_status_reason":"","footnotes":""},"tags":[401,100,400],"tribe_events_cat":[17],"class_list":["post-7531","tribe_events","type-tribe_events","status-publish","has-post-thumbnail","hentry","tag-hutzinger","tag-leistungspruefung","tag-standbesuch","tribe_events_cat-alte-veranstaltungen","cat_alte-veranstaltungen"],"yoast_head":"<!-- This site is optimized with the Yoast SEO plugin v27.4 - https:\/\/yoast.com\/product\/yoast-seo-wordpress\/ -->\n<title>Besuch des Bienenstandes von Josef Hutzinger in Muntigl - Imker Ortsgruppe Salzburg Aigen<\/title>\n<meta name=\"robots\" content=\"index, follow, max-snippet:-1, max-image-preview:large, max-video-preview:-1\" \/>\n<link rel=\"canonical\" href=\"https:\/\/imker-aigen.at\/index.php\/event\/besuch-des-bienenstandes-von-josef-hutzinger-in-muntigl\/\" \/>\n<meta property=\"og:locale\" content=\"de_DE\" \/>\n<meta property=\"og:type\" content=\"article\" \/>\n<meta property=\"og:title\" content=\"Besuch des Bienenstandes von Josef Hutzinger in Muntigl - Imker Ortsgruppe Salzburg Aigen\" \/>\n<meta property=\"og:description\" content=\"Bitte um verl\u00e4ssliche Anmeldung bis zum 30.06.2025, damit wir besser planen k\u00f6nnen! F\u00fcr das leibliche Wohl ist gesorgt. Daf\u00fcr wird ein Unkostenbeitrag von 10 \u20ac pro Person erhoben. \u21d2 Bericht [&hellip;]\" \/>\n<meta property=\"og:url\" content=\"https:\/\/imker-aigen.at\/index.php\/event\/besuch-des-bienenstandes-von-josef-hutzinger-in-muntigl\/\" \/>\n<meta property=\"og:site_name\" content=\"Imker Ortsgruppe Salzburg Aigen\" \/>\n<meta property=\"article:modified_time\" content=\"2025-07-06T17:08:32+00:00\" \/>\n<meta property=\"og:image\" content=\"https:\/\/imker-aigen.at\/wp-content\/uploads\/2025\/07\/hutzinger_2025_4_1024_768.jpg\" \/>\n\t<meta property=\"og:image:width\" content=\"1024\" \/>\n\t<meta property=\"og:image:height\" content=\"768\" \/>\n\t<meta property=\"og:image:type\" content=\"image\/jpeg\" \/>\n<meta name=\"twitter:card\" content=\"summary_large_image\" \/>\n<script type=\"application\/ld+json\" class=\"yoast-schema-graph\">{\"@context\":\"https:\\\/\\\/schema.org\",\"@graph\":[{\"@type\":\"WebPage\",\"@id\":\"https:\\\/\\\/imker-aigen.at\\\/index.php\\\/event\\\/besuch-des-bienenstandes-von-josef-hutzinger-in-muntigl\\\/\",\"url\":\"https:\\\/\\\/imker-aigen.at\\\/index.php\\\/event\\\/besuch-des-bienenstandes-von-josef-hutzinger-in-muntigl\\\/\",\"name\":\"Besuch des Bienenstandes von Josef Hutzinger in Muntigl - Imker Ortsgruppe Salzburg Aigen\",\"isPartOf\":{\"@id\":\"https:\\\/\\\/imker-aigen.at\\\/#website\"},\"primaryImageOfPage\":{\"@id\":\"https:\\\/\\\/imker-aigen.at\\\/index.php\\\/event\\\/besuch-des-bienenstandes-von-josef-hutzinger-in-muntigl\\\/#primaryimage\"},\"image\":{\"@id\":\"https:\\\/\\\/imker-aigen.at\\\/index.php\\\/event\\\/besuch-des-bienenstandes-von-josef-hutzinger-in-muntigl\\\/#primaryimage\"},\"thumbnailUrl\":\"https:\\\/\\\/imker-aigen.at\\\/wp-content\\\/uploads\\\/2025\\\/07\\\/hutzinger_2025_4_1024_768.jpg\",\"datePublished\":\"2025-07-04T13:00:19+00:00\",\"dateModified\":\"2025-07-06T17:08:32+00:00\",\"breadcrumb\":{\"@id\":\"https:\\\/\\\/imker-aigen.at\\\/index.php\\\/event\\\/besuch-des-bienenstandes-von-josef-hutzinger-in-muntigl\\\/#breadcrumb\"},\"inLanguage\":\"de\",\"potentialAction\":[{\"@type\":\"ReadAction\",\"target\":[\"https:\\\/\\\/imker-aigen.at\\\/index.php\\\/event\\\/besuch-des-bienenstandes-von-josef-hutzinger-in-muntigl\\\/\"]}]},{\"@type\":\"ImageObject\",\"inLanguage\":\"de\",\"@id\":\"https:\\\/\\\/imker-aigen.at\\\/index.php\\\/event\\\/besuch-des-bienenstandes-von-josef-hutzinger-in-muntigl\\\/#primaryimage\",\"url\":\"https:\\\/\\\/imker-aigen.at\\\/wp-content\\\/uploads\\\/2025\\\/07\\\/hutzinger_2025_4_1024_768.jpg\",\"contentUrl\":\"https:\\\/\\\/imker-aigen.at\\\/wp-content\\\/uploads\\\/2025\\\/07\\\/hutzinger_2025_4_1024_768.jpg\",\"width\":1024,\"height\":768},{\"@type\":\"BreadcrumbList\",\"@id\":\"https:\\\/\\\/imker-aigen.at\\\/index.php\\\/event\\\/besuch-des-bienenstandes-von-josef-hutzinger-in-muntigl\\\/#breadcrumb\",\"itemListElement\":[{\"@type\":\"ListItem\",\"position\":1,\"name\":\"Startseite\",\"item\":\"https:\\\/\\\/imker-aigen.at\\\/index.php\\\/home\\\/\"},{\"@type\":\"ListItem\",\"position\":2,\"name\":\"Veranstaltungen\",\"item\":\"https:\\\/\\\/imker-aigen.at\\\/index.php\\\/events\\\/\"},{\"@type\":\"ListItem\",\"position\":3,\"name\":\"Besuch des Bienenstandes von Josef Hutzinger in Muntigl\"}]},{\"@type\":\"WebSite\",\"@id\":\"https:\\\/\\\/imker-aigen.at\\\/#website\",\"url\":\"https:\\\/\\\/imker-aigen.at\\\/\",\"name\":\"Imker Ortsgruppe Salzburg Aigen\",\"description\":\"Homepage der Imker-Ortsgruppe Salzburg Aigen\",\"publisher\":{\"@id\":\"https:\\\/\\\/imker-aigen.at\\\/#organization\"},\"potentialAction\":[{\"@type\":\"SearchAction\",\"target\":{\"@type\":\"EntryPoint\",\"urlTemplate\":\"https:\\\/\\\/imker-aigen.at\\\/?s={search_term_string}\"},\"query-input\":{\"@type\":\"PropertyValueSpecification\",\"valueRequired\":true,\"valueName\":\"search_term_string\"}}],\"inLanguage\":\"de\"},{\"@type\":\"Organization\",\"@id\":\"https:\\\/\\\/imker-aigen.at\\\/#organization\",\"name\":\"Imker Ortsgruppe Salzburg Aigen\",\"url\":\"https:\\\/\\\/imker-aigen.at\\\/\",\"logo\":{\"@type\":\"ImageObject\",\"inLanguage\":\"de\",\"@id\":\"https:\\\/\\\/imker-aigen.at\\\/#\\\/schema\\\/logo\\\/image\\\/\",\"url\":\"https:\\\/\\\/imker-aigen.at\\\/wp-content\\\/uploads\\\/2022\\\/08\\\/logo-1.png\",\"contentUrl\":\"https:\\\/\\\/imker-aigen.at\\\/wp-content\\\/uploads\\\/2022\\\/08\\\/logo-1.png\",\"width\":392,\"height\":156,\"caption\":\"Imker Ortsgruppe Salzburg Aigen\"},\"image\":{\"@id\":\"https:\\\/\\\/imker-aigen.at\\\/#\\\/schema\\\/logo\\\/image\\\/\"}}]}<\/script>\n<!-- \/ Yoast SEO plugin. -->","yoast_head_json":{"title":"Besuch des Bienenstandes von Josef Hutzinger in Muntigl - Imker Ortsgruppe Salzburg Aigen","robots":{"index":"index","follow":"follow","max-snippet":"max-snippet:-1","max-image-preview":"max-image-preview:large","max-video-preview":"max-video-preview:-1"},"canonical":"https:\/\/imker-aigen.at\/index.php\/event\/besuch-des-bienenstandes-von-josef-hutzinger-in-muntigl\/","og_locale":"de_DE","og_type":"article","og_title":"Besuch des Bienenstandes von Josef Hutzinger in Muntigl - Imker Ortsgruppe Salzburg Aigen","og_description":"Bitte um verl\u00e4ssliche Anmeldung bis zum 30.06.2025, damit wir besser planen k\u00f6nnen! F\u00fcr das leibliche Wohl ist gesorgt. Daf\u00fcr wird ein Unkostenbeitrag von 10 \u20ac pro Person erhoben. \u21d2 Bericht [&hellip;]","og_url":"https:\/\/imker-aigen.at\/index.php\/event\/besuch-des-bienenstandes-von-josef-hutzinger-in-muntigl\/","og_site_name":"Imker Ortsgruppe Salzburg Aigen","article_modified_time":"2025-07-06T17:08:32+00:00","og_image":[{"width":1024,"height":768,"url":"https:\/\/imker-aigen.at\/wp-content\/uploads\/2025\/07\/hutzinger_2025_4_1024_768.jpg","type":"image\/jpeg"}],"twitter_card":"summary_large_image","schema":{"@context":"https:\/\/schema.org","@graph":[{"@type":"WebPage","@id":"https:\/\/imker-aigen.at\/index.php\/event\/besuch-des-bienenstandes-von-josef-hutzinger-in-muntigl\/","url":"https:\/\/imker-aigen.at\/index.php\/event\/besuch-des-bienenstandes-von-josef-hutzinger-in-muntigl\/","name":"Besuch des Bienenstandes von Josef Hutzinger in Muntigl - Imker Ortsgruppe Salzburg Aigen","isPartOf":{"@id":"https:\/\/imker-aigen.at\/#website"},"primaryImageOfPage":{"@id":"https:\/\/imker-aigen.at\/index.php\/event\/besuch-des-bienenstandes-von-josef-hutzinger-in-muntigl\/#primaryimage"},"image":{"@id":"https:\/\/imker-aigen.at\/index.php\/event\/besuch-des-bienenstandes-von-josef-hutzinger-in-muntigl\/#primaryimage"},"thumbnailUrl":"https:\/\/imker-aigen.at\/wp-content\/uploads\/2025\/07\/hutzinger_2025_4_1024_768.jpg","datePublished":"2025-07-04T13:00:19+00:00","dateModified":"2025-07-06T17:08:32+00:00","breadcrumb":{"@id":"https:\/\/imker-aigen.at\/index.php\/event\/besuch-des-bienenstandes-von-josef-hutzinger-in-muntigl\/#breadcrumb"},"inLanguage":"de","potentialAction":[{"@type":"ReadAction","target":["https:\/\/imker-aigen.at\/index.php\/event\/besuch-des-bienenstandes-von-josef-hutzinger-in-muntigl\/"]}]},{"@type":"ImageObject","inLanguage":"de","@id":"https:\/\/imker-aigen.at\/index.php\/event\/besuch-des-bienenstandes-von-josef-hutzinger-in-muntigl\/#primaryimage","url":"https:\/\/imker-aigen.at\/wp-content\/uploads\/2025\/07\/hutzinger_2025_4_1024_768.jpg","contentUrl":"https:\/\/imker-aigen.at\/wp-content\/uploads\/2025\/07\/hutzinger_2025_4_1024_768.jpg","width":1024,"height":768},{"@type":"BreadcrumbList","@id":"https:\/\/imker-aigen.at\/index.php\/event\/besuch-des-bienenstandes-von-josef-hutzinger-in-muntigl\/#breadcrumb","itemListElement":[{"@type":"ListItem","position":1,"name":"Startseite","item":"https:\/\/imker-aigen.at\/index.php\/home\/"},{"@type":"ListItem","position":2,"name":"Veranstaltungen","item":"https:\/\/imker-aigen.at\/index.php\/events\/"},{"@type":"ListItem","position":3,"name":"Besuch des Bienenstandes von Josef Hutzinger in Muntigl"}]},{"@type":"WebSite","@id":"https:\/\/imker-aigen.at\/#website","url":"https:\/\/imker-aigen.at\/","name":"Imker Ortsgruppe Salzburg Aigen","description":"Homepage der Imker-Ortsgruppe Salzburg Aigen","publisher":{"@id":"https:\/\/imker-aigen.at\/#organization"},"potentialAction":[{"@type":"SearchAction","target":{"@type":"EntryPoint","urlTemplate":"https:\/\/imker-aigen.at\/?s={search_term_string}"},"query-input":{"@type":"PropertyValueSpecification","valueRequired":true,"valueName":"search_term_string"}}],"inLanguage":"de"},{"@type":"Organization","@id":"https:\/\/imker-aigen.at\/#organization","name":"Imker Ortsgruppe Salzburg Aigen","url":"https:\/\/imker-aigen.at\/","logo":{"@type":"ImageObject","inLanguage":"de","@id":"https:\/\/imker-aigen.at\/#\/schema\/logo\/image\/","url":"https:\/\/imker-aigen.at\/wp-content\/uploads\/2022\/08\/logo-1.png","contentUrl":"https:\/\/imker-aigen.at\/wp-content\/uploads\/2022\/08\/logo-1.png","width":392,"height":156,"caption":"Imker Ortsgruppe Salzburg Aigen"},"image":{"@id":"https:\/\/imker-aigen.at\/#\/schema\/logo\/image\/"}}]}},"_links":{"self":[{"href":"https:\/\/imker-aigen.at\/index.php\/wp-json\/wp\/v2\/tribe_events\/7531","targetHints":{"allow":["GET"]}}],"collection":[{"href":"https:\/\/imker-aigen.at\/index.php\/wp-json\/wp\/v2\/tribe_events"}],"about":[{"href":"https:\/\/imker-aigen.at\/index.php\/wp-json\/wp\/v2\/types\/tribe_events"}],"author":[{"embeddable":true,"href":"https:\/\/imker-aigen.at\/index.php\/wp-json\/wp\/v2\/users\/1"}],"version-history":[{"count":4,"href":"https:\/\/imker-aigen.at\/index.php\/wp-json\/wp\/v2\/tribe_events\/7531\/revisions"}],"predecessor-version":[{"id":8233,"href":"https:\/\/imker-aigen.at\/index.php\/wp-json\/wp\/v2\/tribe_events\/7531\/revisions\/8233"}],"wp:featuredmedia":[{"embeddable":true,"href":"https:\/\/imker-aigen.at\/index.php\/wp-json\/wp\/v2\/media\/8204"}],"wp:attachment":[{"href":"https:\/\/imker-aigen.at\/index.php\/wp-json\/wp\/v2\/media?parent=7531"}],"wp:term":[{"taxonomy":"post_tag","embeddable":true,"href":"https:\/\/imker-aigen.at\/index.php\/wp-json\/wp\/v2\/tags?post=7531"},{"taxonomy":"tribe_events_cat","embeddable":true,"href":"https:\/\/imker-aigen.at\/index.php\/wp-json\/wp\/v2\/tribe_events_cat?post=7531"}],"curies":[{"name":"wp","href":"https:\/\/api.w.org\/{rel}","templated":true}]}}

<p><strong>Bitte um verlässliche Anmeldung bis zum 30.06.2025, damit wir besser planen können!</strong></p>
<p>Für das leibliche Wohl ist gesorgt. Dafür wird ein Unkostenbeitrag von 10 € pro Person erhoben.</p>
<p><a href="https://imker-aigen.at/index.php/2025/07/05/standbesuch-bei-josef-hutzinger-in-muntigl-am-4-7-2025/"><strong>⇒ Bericht über den Standbesuch am 4.7.2025</strong></a></p>

<p>Bitte um verlässliche Anmeldung bis zum 30.06.2025, damit wir besser planen können! Für das leibliche Wohl ist gesorgt. Dafür wird ein Unkostenbeitrag von 10 € pro Person erhoben. ⇒ Bericht [&hellip;]</p>

<!-- This site is optimized with the Yoast SEO plugin v27.4 - https://yoast.com/product/yoast-seo-wordpress/ -->
<title>Besuch des Bienenstandes von Josef Hutzinger in Muntigl - Imker Ortsgruppe Salzburg Aigen</title>
<meta name="robots" content="index, follow, max-snippet:-1, max-image-preview:large, max-video-preview:-1" />
<link rel="canonical" href="https://imker-aigen.at/index.php/event/besuch-des-bienenstandes-von-josef-hutzinger-in-muntigl/" />
<meta property="og:locale" content="de_DE" />
<meta property="og:type" content="article" />
<meta property="og:title" content="Besuch des Bienenstandes von Josef Hutzinger in Muntigl - Imker Ortsgruppe Salzburg Aigen" />
<meta property="og:description" content="Bitte um verlässliche Anmeldung bis zum 30.06.2025, damit wir besser planen können! Für das leibliche Wohl ist gesorgt. Dafür wird ein Unkostenbeitrag von 10 € pro Person erhoben. ⇒ Bericht [&hellip;]" />
<meta property="og:url" content="https://imker-aigen.at/index.php/event/besuch-des-bienenstandes-von-josef-hutzinger-in-muntigl/" />
<meta property="og:site_name" content="Imker Ortsgruppe Salzburg Aigen" />
<meta property="article:modified_time" content="2025-07-06T17:08:32+00:00" />
<meta property="og:image" content="https://imker-aigen.at/wp-content/uploads/2025/07/hutzinger_2025_4_1024_768.jpg" />
	<meta property="og:image:width" content="1024" />
	<meta property="og:image:height" content="768" />
	<meta property="og:image:type" content="image/jpeg" />
<meta name="twitter:card" content="summary_large_image" />
<script type="application/ld+json" class="yoast-schema-graph">{"@context":"https:\/\/schema.org","@graph":[{"@type":"WebPage","@id":"https:\/\/imker-aigen.at\/index.php\/event\/besuch-des-bienenstandes-von-josef-hutzinger-in-muntigl\/","url":"https:\/\/imker-aigen.at\/index.php\/event\/besuch-des-bienenstandes-von-josef-hutzinger-in-muntigl\/","name":"Besuch des Bienenstandes von Josef Hutzinger in Muntigl - Imker Ortsgruppe Salzburg Aigen","isPartOf":{"@id":"https:\/\/imker-aigen.at\/#website"},"primaryImageOfPage":{"@id":"https:\/\/imker-aigen.at\/index.php\/event\/besuch-des-bienenstandes-von-josef-hutzinger-in-muntigl\/#primaryimage"},"image":{"@id":"https:\/\/imker-aigen.at\/index.php\/event\/besuch-des-bienenstandes-von-josef-hutzinger-in-muntigl\/#primaryimage"},"thumbnailUrl":"https:\/\/imker-aigen.at\/wp-content\/uploads\/2025\/07\/hutzinger_2025_4_1024_768.jpg","datePublished":"2025-07-04T13:00:19+00:00","dateModified":"2025-07-06T17:08:32+00:00","breadcrumb":{"@id":"https:\/\/imker-aigen.at\/index.php\/event\/besuch-des-bienenstandes-von-josef-hutzinger-in-muntigl\/#breadcrumb"},"inLanguage":"de","potentialAction":[{"@type":"ReadAction","target":["https:\/\/imker-aigen.at\/index.php\/event\/besuch-des-bienenstandes-von-josef-hutzinger-in-muntigl\/"]}]},{"@type":"ImageObject","inLanguage":"de","@id":"https:\/\/imker-aigen.at\/index.php\/event\/besuch-des-bienenstandes-von-josef-hutzinger-in-muntigl\/#primaryimage","url":"https:\/\/imker-aigen.at\/wp-content\/uploads\/2025\/07\/hutzinger_2025_4_1024_768.jpg","contentUrl":"https:\/\/imker-aigen.at\/wp-content\/uploads\/2025\/07\/hutzinger_2025_4_1024_768.jpg","width":1024,"height":768},{"@type":"BreadcrumbList","@id":"https:\/\/imker-aigen.at\/index.php\/event\/besuch-des-bienenstandes-von-josef-hutzinger-in-muntigl\/#breadcrumb","itemListElement":[{"@type":"ListItem","position":1,"name":"Startseite","item":"https:\/\/imker-aigen.at\/index.php\/home\/"},{"@type":"ListItem","position":2,"name":"Veranstaltungen","item":"https:\/\/imker-aigen.at\/index.php\/events\/"},{"@type":"ListItem","position":3,"name":"Besuch des Bienenstandes von Josef Hutzinger in Muntigl"}]},{"@type":"WebSite","@id":"https:\/\/imker-aigen.at\/#website","url":"https:\/\/imker-aigen.at\/","name":"Imker Ortsgruppe Salzburg Aigen","description":"Homepage der Imker-Ortsgruppe Salzburg Aigen","publisher":{"@id":"https:\/\/imker-aigen.at\/#organization"},"potentialAction":[{"@type":"SearchAction","target":{"@type":"EntryPoint","urlTemplate":"https:\/\/imker-aigen.at\/?s={search_term_string}"},"query-input":{"@type":"PropertyValueSpecification","valueRequired":true,"valueName":"search_term_string"}}],"inLanguage":"de"},{"@type":"Organization","@id":"https:\/\/imker-aigen.at\/#organization","name":"Imker Ortsgruppe Salzburg Aigen","url":"https:\/\/imker-aigen.at\/","logo":{"@type":"ImageObject","inLanguage":"de","@id":"https:\/\/imker-aigen.at\/#\/schema\/logo\/image\/","url":"https:\/\/imker-aigen.at\/wp-content\/uploads\/2022\/08\/logo-1.png","contentUrl":"https:\/\/imker-aigen.at\/wp-content\/uploads\/2022\/08\/logo-1.png","width":392,"height":156,"caption":"Imker Ortsgruppe Salzburg Aigen"},"image":{"@id":"https:\/\/imker-aigen.at\/#\/schema\/logo\/image\/"}}]}</script>
<!-- / Yoast SEO plugin. -->

Bitte um verlässliche Anmeldung bis zum 30.06.2025, damit wir besser planen können! Für das leibliche Wohl ist gesorgt. Dafür wird ein Unkostenbeitrag von 10 € pro Person erhoben. ⇒ Bericht [&hellip;]
