{"id":7812,"date":"2025-05-25T13:00:20","date_gmt":"2025-05-25T11:00:20","guid":{"rendered":"https:\/\/imker-aigen.at\/?post_type=tribe_events&#038;p=7812"},"modified":"2025-06-01T21:39:24","modified_gmt":"2025-06-01T19:39:24","slug":"tag-des-offenen-bienenstocks-2025","status":"publish","type":"tribe_events","link":"https:\/\/imker-aigen.at\/index.php\/event\/tag-des-offenen-bienenstocks-2025\/","title":{"rendered":"Tag des offenen Bienenstocks 2025"},"content":{"rendered":"<p>Beim \u00f6sterreichweiten Aktionstag werden auch dieses Jahr wieder Imkerinnen und Imker aus Salzburg teilnehmen.<\/p>\n<p><strong>Salzburg-Stadt<\/strong><\/p>\n<p>Bei Sch\u00f6nwetter \u00f6ffnet die <a href=\"https:\/\/www.stadtimkerei-greimel.at\/\">Salzburger Stadtimkerin Karoline V. Greimel<\/a> von 13:00 bis 17:00 Uhr ihren Garten in Maxglan, Glangasse 9. Der Eintritt ist gratis. Es wird gebeten mit den \u00d6ffis anzureisen, da die Parkpl\u00e4tze in der Umgebung beschr\u00e4nkt sind.<\/p>\n<p><strong>Abtenau<\/strong><\/p>\n<p>Aber auch beim <a href=\"https:\/\/www.museum-abtenau.at\/\">Heimatmuseum Abtenau<\/a> wird der Tag des offenen Bienenstockes von 11:00 bis 17:00 Uhr gefeiert. Auch hier kann man viel Wissenswertes \u00fcber Bienen erfahren und die Faszination Biene hautnah erleben.<\/p>\n<p>&nbsp;<\/p>\n<p>\u21d2 <strong><a href=\"https:\/\/imker-aigen.at\/index.php\/2025\/05\/25\/tag-des-offenen-bienenstocks-im-garten-der-stadtimkerin-karoline-greimel\/\">Bericht \u00fcber den Tag des offenen Bienenstocks im Garten der Salzburger Stadtimkerin Karoline Greimel<\/a><\/strong><\/p>\n","protected":false},"excerpt":{"rendered":"<p>Beim \u00f6sterreichweiten Aktionstag werden auch dieses Jahr wieder Imkerinnen und Imker aus Salzburg teilnehmen. Salzburg-Stadt Bei Sch\u00f6nwetter \u00f6ffnet die Salzburger Stadtimkerin Karoline V. Greimel von 13:00 bis 17:00 Uhr ihren [&hellip;]<\/p>\n","protected":false},"author":1,"featured_media":7406,"template":"","meta":{"_tribe_events_status":"","_tribe_events_status_reason":"","footnotes":""},"tags":[395,213],"tribe_events_cat":[17],"class_list":["post-7812","tribe_events","type-tribe_events","status-publish","has-post-thumbnail","hentry","tag-greimel","tag-tag-des-offenen-bienenstocks","tribe_events_cat-alte-veranstaltungen","cat_alte-veranstaltungen"],"yoast_head":"<!-- This site is optimized with the Yoast SEO plugin v27.4 - https:\/\/yoast.com\/product\/yoast-seo-wordpress\/ -->\n<title>Tag des offenen Bienenstocks 2025 - Imker Ortsgruppe Salzburg Aigen<\/title>\n<meta name=\"robots\" content=\"index, follow, max-snippet:-1, max-image-preview:large, max-video-preview:-1\" \/>\n<link rel=\"canonical\" href=\"https:\/\/imker-aigen.at\/index.php\/event\/tag-des-offenen-bienenstocks-2025\/\" \/>\n<meta property=\"og:locale\" content=\"de_DE\" \/>\n<meta property=\"og:type\" content=\"article\" \/>\n<meta property=\"og:title\" content=\"Tag des offenen Bienenstocks 2025 - Imker Ortsgruppe Salzburg Aigen\" \/>\n<meta property=\"og:description\" content=\"Beim \u00f6sterreichweiten Aktionstag werden auch dieses Jahr wieder Imkerinnen und Imker aus Salzburg teilnehmen. Salzburg-Stadt Bei Sch\u00f6nwetter \u00f6ffnet die Salzburger Stadtimkerin Karoline V. Greimel von 13:00 bis 17:00 Uhr ihren [&hellip;]\" \/>\n<meta property=\"og:url\" content=\"https:\/\/imker-aigen.at\/index.php\/event\/tag-des-offenen-bienenstocks-2025\/\" \/>\n<meta property=\"og:site_name\" content=\"Imker Ortsgruppe Salzburg Aigen\" \/>\n<meta property=\"article:modified_time\" content=\"2025-06-01T19:39:24+00:00\" \/>\n<meta property=\"og:image\" content=\"https:\/\/imker-aigen.at\/wp-content\/uploads\/2025\/02\/logo_imkerbund.png\" \/>\n\t<meta property=\"og:image:width\" content=\"50\" \/>\n\t<meta property=\"og:image:height\" content=\"54\" \/>\n\t<meta property=\"og:image:type\" content=\"image\/png\" \/>\n<meta name=\"twitter:card\" content=\"summary_large_image\" \/>\n<meta name=\"twitter:label1\" content=\"Gesch\u00e4tzte Lesezeit\" \/>\n\t<meta name=\"twitter:data1\" content=\"1\u00a0Minute\" \/>\n<script type=\"application\/ld+json\" class=\"yoast-schema-graph\">{\"@context\":\"https:\\\/\\\/schema.org\",\"@graph\":[{\"@type\":\"WebPage\",\"@id\":\"https:\\\/\\\/imker-aigen.at\\\/index.php\\\/event\\\/tag-des-offenen-bienenstocks-2025\\\/\",\"url\":\"https:\\\/\\\/imker-aigen.at\\\/index.php\\\/event\\\/tag-des-offenen-bienenstocks-2025\\\/\",\"name\":\"Tag des offenen Bienenstocks 2025 - Imker Ortsgruppe Salzburg Aigen\",\"isPartOf\":{\"@id\":\"https:\\\/\\\/imker-aigen.at\\\/#website\"},\"primaryImageOfPage\":{\"@id\":\"https:\\\/\\\/imker-aigen.at\\\/index.php\\\/event\\\/tag-des-offenen-bienenstocks-2025\\\/#primaryimage\"},\"image\":{\"@id\":\"https:\\\/\\\/imker-aigen.at\\\/index.php\\\/event\\\/tag-des-offenen-bienenstocks-2025\\\/#primaryimage\"},\"thumbnailUrl\":\"https:\\\/\\\/imker-aigen.at\\\/wp-content\\\/uploads\\\/2025\\\/02\\\/logo_imkerbund.png\",\"datePublished\":\"2025-05-25T11:00:20+00:00\",\"dateModified\":\"2025-06-01T19:39:24+00:00\",\"breadcrumb\":{\"@id\":\"https:\\\/\\\/imker-aigen.at\\\/index.php\\\/event\\\/tag-des-offenen-bienenstocks-2025\\\/#breadcrumb\"},\"inLanguage\":\"de\",\"potentialAction\":[{\"@type\":\"ReadAction\",\"target\":[\"https:\\\/\\\/imker-aigen.at\\\/index.php\\\/event\\\/tag-des-offenen-bienenstocks-2025\\\/\"]}]},{\"@type\":\"ImageObject\",\"inLanguage\":\"de\",\"@id\":\"https:\\\/\\\/imker-aigen.at\\\/index.php\\\/event\\\/tag-des-offenen-bienenstocks-2025\\\/#primaryimage\",\"url\":\"https:\\\/\\\/imker-aigen.at\\\/wp-content\\\/uploads\\\/2025\\\/02\\\/logo_imkerbund.png\",\"contentUrl\":\"https:\\\/\\\/imker-aigen.at\\\/wp-content\\\/uploads\\\/2025\\\/02\\\/logo_imkerbund.png\",\"width\":50,\"height\":54},{\"@type\":\"BreadcrumbList\",\"@id\":\"https:\\\/\\\/imker-aigen.at\\\/index.php\\\/event\\\/tag-des-offenen-bienenstocks-2025\\\/#breadcrumb\",\"itemListElement\":[{\"@type\":\"ListItem\",\"position\":1,\"name\":\"Startseite\",\"item\":\"https:\\\/\\\/imker-aigen.at\\\/index.php\\\/home\\\/\"},{\"@type\":\"ListItem\",\"position\":2,\"name\":\"Veranstaltungen\",\"item\":\"https:\\\/\\\/imker-aigen.at\\\/index.php\\\/events\\\/\"},{\"@type\":\"ListItem\",\"position\":3,\"name\":\"Tag des offenen Bienenstocks 2025\"}]},{\"@type\":\"WebSite\",\"@id\":\"https:\\\/\\\/imker-aigen.at\\\/#website\",\"url\":\"https:\\\/\\\/imker-aigen.at\\\/\",\"name\":\"Imker Ortsgruppe Salzburg Aigen\",\"description\":\"Homepage der Imker-Ortsgruppe Salzburg Aigen\",\"publisher\":{\"@id\":\"https:\\\/\\\/imker-aigen.at\\\/#organization\"},\"potentialAction\":[{\"@type\":\"SearchAction\",\"target\":{\"@type\":\"EntryPoint\",\"urlTemplate\":\"https:\\\/\\\/imker-aigen.at\\\/?s={search_term_string}\"},\"query-input\":{\"@type\":\"PropertyValueSpecification\",\"valueRequired\":true,\"valueName\":\"search_term_string\"}}],\"inLanguage\":\"de\"},{\"@type\":\"Organization\",\"@id\":\"https:\\\/\\\/imker-aigen.at\\\/#organization\",\"name\":\"Imker Ortsgruppe Salzburg Aigen\",\"url\":\"https:\\\/\\\/imker-aigen.at\\\/\",\"logo\":{\"@type\":\"ImageObject\",\"inLanguage\":\"de\",\"@id\":\"https:\\\/\\\/imker-aigen.at\\\/#\\\/schema\\\/logo\\\/image\\\/\",\"url\":\"https:\\\/\\\/imker-aigen.at\\\/wp-content\\\/uploads\\\/2022\\\/08\\\/logo-1.png\",\"contentUrl\":\"https:\\\/\\\/imker-aigen.at\\\/wp-content\\\/uploads\\\/2022\\\/08\\\/logo-1.png\",\"width\":392,\"height\":156,\"caption\":\"Imker Ortsgruppe Salzburg Aigen\"},\"image\":{\"@id\":\"https:\\\/\\\/imker-aigen.at\\\/#\\\/schema\\\/logo\\\/image\\\/\"}}]}<\/script>\n<!-- \/ Yoast SEO plugin. -->","yoast_head_json":{"title":"Tag des offenen Bienenstocks 2025 - Imker Ortsgruppe Salzburg Aigen","robots":{"index":"index","follow":"follow","max-snippet":"max-snippet:-1","max-image-preview":"max-image-preview:large","max-video-preview":"max-video-preview:-1"},"canonical":"https:\/\/imker-aigen.at\/index.php\/event\/tag-des-offenen-bienenstocks-2025\/","og_locale":"de_DE","og_type":"article","og_title":"Tag des offenen Bienenstocks 2025 - Imker Ortsgruppe Salzburg Aigen","og_description":"Beim \u00f6sterreichweiten Aktionstag werden auch dieses Jahr wieder Imkerinnen und Imker aus Salzburg teilnehmen. Salzburg-Stadt Bei Sch\u00f6nwetter \u00f6ffnet die Salzburger Stadtimkerin Karoline V. Greimel von 13:00 bis 17:00 Uhr ihren [&hellip;]","og_url":"https:\/\/imker-aigen.at\/index.php\/event\/tag-des-offenen-bienenstocks-2025\/","og_site_name":"Imker Ortsgruppe Salzburg Aigen","article_modified_time":"2025-06-01T19:39:24+00:00","og_image":[{"width":50,"height":54,"url":"https:\/\/imker-aigen.at\/wp-content\/uploads\/2025\/02\/logo_imkerbund.png","type":"image\/png"}],"twitter_card":"summary_large_image","twitter_misc":{"Gesch\u00e4tzte Lesezeit":"1\u00a0Minute"},"schema":{"@context":"https:\/\/schema.org","@graph":[{"@type":"WebPage","@id":"https:\/\/imker-aigen.at\/index.php\/event\/tag-des-offenen-bienenstocks-2025\/","url":"https:\/\/imker-aigen.at\/index.php\/event\/tag-des-offenen-bienenstocks-2025\/","name":"Tag des offenen Bienenstocks 2025 - Imker Ortsgruppe Salzburg Aigen","isPartOf":{"@id":"https:\/\/imker-aigen.at\/#website"},"primaryImageOfPage":{"@id":"https:\/\/imker-aigen.at\/index.php\/event\/tag-des-offenen-bienenstocks-2025\/#primaryimage"},"image":{"@id":"https:\/\/imker-aigen.at\/index.php\/event\/tag-des-offenen-bienenstocks-2025\/#primaryimage"},"thumbnailUrl":"https:\/\/imker-aigen.at\/wp-content\/uploads\/2025\/02\/logo_imkerbund.png","datePublished":"2025-05-25T11:00:20+00:00","dateModified":"2025-06-01T19:39:24+00:00","breadcrumb":{"@id":"https:\/\/imker-aigen.at\/index.php\/event\/tag-des-offenen-bienenstocks-2025\/#breadcrumb"},"inLanguage":"de","potentialAction":[{"@type":"ReadAction","target":["https:\/\/imker-aigen.at\/index.php\/event\/tag-des-offenen-bienenstocks-2025\/"]}]},{"@type":"ImageObject","inLanguage":"de","@id":"https:\/\/imker-aigen.at\/index.php\/event\/tag-des-offenen-bienenstocks-2025\/#primaryimage","url":"https:\/\/imker-aigen.at\/wp-content\/uploads\/2025\/02\/logo_imkerbund.png","contentUrl":"https:\/\/imker-aigen.at\/wp-content\/uploads\/2025\/02\/logo_imkerbund.png","width":50,"height":54},{"@type":"BreadcrumbList","@id":"https:\/\/imker-aigen.at\/index.php\/event\/tag-des-offenen-bienenstocks-2025\/#breadcrumb","itemListElement":[{"@type":"ListItem","position":1,"name":"Startseite","item":"https:\/\/imker-aigen.at\/index.php\/home\/"},{"@type":"ListItem","position":2,"name":"Veranstaltungen","item":"https:\/\/imker-aigen.at\/index.php\/events\/"},{"@type":"ListItem","position":3,"name":"Tag des offenen Bienenstocks 2025"}]},{"@type":"WebSite","@id":"https:\/\/imker-aigen.at\/#website","url":"https:\/\/imker-aigen.at\/","name":"Imker Ortsgruppe Salzburg Aigen","description":"Homepage der Imker-Ortsgruppe Salzburg Aigen","publisher":{"@id":"https:\/\/imker-aigen.at\/#organization"},"potentialAction":[{"@type":"SearchAction","target":{"@type":"EntryPoint","urlTemplate":"https:\/\/imker-aigen.at\/?s={search_term_string}"},"query-input":{"@type":"PropertyValueSpecification","valueRequired":true,"valueName":"search_term_string"}}],"inLanguage":"de"},{"@type":"Organization","@id":"https:\/\/imker-aigen.at\/#organization","name":"Imker Ortsgruppe Salzburg Aigen","url":"https:\/\/imker-aigen.at\/","logo":{"@type":"ImageObject","inLanguage":"de","@id":"https:\/\/imker-aigen.at\/#\/schema\/logo\/image\/","url":"https:\/\/imker-aigen.at\/wp-content\/uploads\/2022\/08\/logo-1.png","contentUrl":"https:\/\/imker-aigen.at\/wp-content\/uploads\/2022\/08\/logo-1.png","width":392,"height":156,"caption":"Imker Ortsgruppe Salzburg Aigen"},"image":{"@id":"https:\/\/imker-aigen.at\/#\/schema\/logo\/image\/"}}]}},"_links":{"self":[{"href":"https:\/\/imker-aigen.at\/index.php\/wp-json\/wp\/v2\/tribe_events\/7812","targetHints":{"allow":["GET"]}}],"collection":[{"href":"https:\/\/imker-aigen.at\/index.php\/wp-json\/wp\/v2\/tribe_events"}],"about":[{"href":"https:\/\/imker-aigen.at\/index.php\/wp-json\/wp\/v2\/types\/tribe_events"}],"author":[{"embeddable":true,"href":"https:\/\/imker-aigen.at\/index.php\/wp-json\/wp\/v2\/users\/1"}],"version-history":[{"count":9,"href":"https:\/\/imker-aigen.at\/index.php\/wp-json\/wp\/v2\/tribe_events\/7812\/revisions"}],"predecessor-version":[{"id":8009,"href":"https:\/\/imker-aigen.at\/index.php\/wp-json\/wp\/v2\/tribe_events\/7812\/revisions\/8009"}],"wp:featuredmedia":[{"embeddable":true,"href":"https:\/\/imker-aigen.at\/index.php\/wp-json\/wp\/v2\/media\/7406"}],"wp:attachment":[{"href":"https:\/\/imker-aigen.at\/index.php\/wp-json\/wp\/v2\/media?parent=7812"}],"wp:term":[{"taxonomy":"post_tag","embeddable":true,"href":"https:\/\/imker-aigen.at\/index.php\/wp-json\/wp\/v2\/tags?post=7812"},{"taxonomy":"tribe_events_cat","embeddable":true,"href":"https:\/\/imker-aigen.at\/index.php\/wp-json\/wp\/v2\/tribe_events_cat?post=7812"}],"curies":[{"name":"wp","href":"https:\/\/api.w.org\/{rel}","templated":true}]}}

<p>Beim österreichweiten Aktionstag werden auch dieses Jahr wieder Imkerinnen und Imker aus Salzburg teilnehmen.</p>
<p><strong>Salzburg-Stadt</strong></p>
<p>Bei Schönwetter öffnet die <a href="https://www.stadtimkerei-greimel.at/">Salzburger Stadtimkerin Karoline V. Greimel</a> von 13:00 bis 17:00 Uhr ihren Garten in Maxglan, Glangasse 9. Der Eintritt ist gratis. Es wird gebeten mit den Öffis anzureisen, da die Parkplätze in der Umgebung beschränkt sind.</p>
<p><strong>Abtenau</strong></p>
<p>Aber auch beim <a href="https://www.museum-abtenau.at/">Heimatmuseum Abtenau</a> wird der Tag des offenen Bienenstockes von 11:00 bis 17:00 Uhr gefeiert. Auch hier kann man viel Wissenswertes über Bienen erfahren und die Faszination Biene hautnah erleben.</p>
<p>&nbsp;</p>
<p>⇒ <strong><a href="https://imker-aigen.at/index.php/2025/05/25/tag-des-offenen-bienenstocks-im-garten-der-stadtimkerin-karoline-greimel/">Bericht über den Tag des offenen Bienenstocks im Garten der Salzburger Stadtimkerin Karoline Greimel</a></strong></p>

<p>Beim österreichweiten Aktionstag werden auch dieses Jahr wieder Imkerinnen und Imker aus Salzburg teilnehmen. Salzburg-Stadt Bei Schönwetter öffnet die Salzburger Stadtimkerin Karoline V. Greimel von 13:00 bis 17:00 Uhr ihren [&hellip;]</p>

<!-- This site is optimized with the Yoast SEO plugin v27.4 - https://yoast.com/product/yoast-seo-wordpress/ -->
<title>Tag des offenen Bienenstocks 2025 - Imker Ortsgruppe Salzburg Aigen</title>
<meta name="robots" content="index, follow, max-snippet:-1, max-image-preview:large, max-video-preview:-1" />
<link rel="canonical" href="https://imker-aigen.at/index.php/event/tag-des-offenen-bienenstocks-2025/" />
<meta property="og:locale" content="de_DE" />
<meta property="og:type" content="article" />
<meta property="og:title" content="Tag des offenen Bienenstocks 2025 - Imker Ortsgruppe Salzburg Aigen" />
<meta property="og:description" content="Beim österreichweiten Aktionstag werden auch dieses Jahr wieder Imkerinnen und Imker aus Salzburg teilnehmen. Salzburg-Stadt Bei Schönwetter öffnet die Salzburger Stadtimkerin Karoline V. Greimel von 13:00 bis 17:00 Uhr ihren [&hellip;]" />
<meta property="og:url" content="https://imker-aigen.at/index.php/event/tag-des-offenen-bienenstocks-2025/" />
<meta property="og:site_name" content="Imker Ortsgruppe Salzburg Aigen" />
<meta property="article:modified_time" content="2025-06-01T19:39:24+00:00" />
<meta property="og:image" content="https://imker-aigen.at/wp-content/uploads/2025/02/logo_imkerbund.png" />
	<meta property="og:image:width" content="50" />
	<meta property="og:image:height" content="54" />
	<meta property="og:image:type" content="image/png" />
<meta name="twitter:card" content="summary_large_image" />
<meta name="twitter:label1" content="Geschätzte Lesezeit" />
	<meta name="twitter:data1" content="1 Minute" />
<script type="application/ld+json" class="yoast-schema-graph">{"@context":"https:\/\/schema.org","@graph":[{"@type":"WebPage","@id":"https:\/\/imker-aigen.at\/index.php\/event\/tag-des-offenen-bienenstocks-2025\/","url":"https:\/\/imker-aigen.at\/index.php\/event\/tag-des-offenen-bienenstocks-2025\/","name":"Tag des offenen Bienenstocks 2025 - Imker Ortsgruppe Salzburg Aigen","isPartOf":{"@id":"https:\/\/imker-aigen.at\/#website"},"primaryImageOfPage":{"@id":"https:\/\/imker-aigen.at\/index.php\/event\/tag-des-offenen-bienenstocks-2025\/#primaryimage"},"image":{"@id":"https:\/\/imker-aigen.at\/index.php\/event\/tag-des-offenen-bienenstocks-2025\/#primaryimage"},"thumbnailUrl":"https:\/\/imker-aigen.at\/wp-content\/uploads\/2025\/02\/logo_imkerbund.png","datePublished":"2025-05-25T11:00:20+00:00","dateModified":"2025-06-01T19:39:24+00:00","breadcrumb":{"@id":"https:\/\/imker-aigen.at\/index.php\/event\/tag-des-offenen-bienenstocks-2025\/#breadcrumb"},"inLanguage":"de","potentialAction":[{"@type":"ReadAction","target":["https:\/\/imker-aigen.at\/index.php\/event\/tag-des-offenen-bienenstocks-2025\/"]}]},{"@type":"ImageObject","inLanguage":"de","@id":"https:\/\/imker-aigen.at\/index.php\/event\/tag-des-offenen-bienenstocks-2025\/#primaryimage","url":"https:\/\/imker-aigen.at\/wp-content\/uploads\/2025\/02\/logo_imkerbund.png","contentUrl":"https:\/\/imker-aigen.at\/wp-content\/uploads\/2025\/02\/logo_imkerbund.png","width":50,"height":54},{"@type":"BreadcrumbList","@id":"https:\/\/imker-aigen.at\/index.php\/event\/tag-des-offenen-bienenstocks-2025\/#breadcrumb","itemListElement":[{"@type":"ListItem","position":1,"name":"Startseite","item":"https:\/\/imker-aigen.at\/index.php\/home\/"},{"@type":"ListItem","position":2,"name":"Veranstaltungen","item":"https:\/\/imker-aigen.at\/index.php\/events\/"},{"@type":"ListItem","position":3,"name":"Tag des offenen Bienenstocks 2025"}]},{"@type":"WebSite","@id":"https:\/\/imker-aigen.at\/#website","url":"https:\/\/imker-aigen.at\/","name":"Imker Ortsgruppe Salzburg Aigen","description":"Homepage der Imker-Ortsgruppe Salzburg Aigen","publisher":{"@id":"https:\/\/imker-aigen.at\/#organization"},"potentialAction":[{"@type":"SearchAction","target":{"@type":"EntryPoint","urlTemplate":"https:\/\/imker-aigen.at\/?s={search_term_string}"},"query-input":{"@type":"PropertyValueSpecification","valueRequired":true,"valueName":"search_term_string"}}],"inLanguage":"de"},{"@type":"Organization","@id":"https:\/\/imker-aigen.at\/#organization","name":"Imker Ortsgruppe Salzburg Aigen","url":"https:\/\/imker-aigen.at\/","logo":{"@type":"ImageObject","inLanguage":"de","@id":"https:\/\/imker-aigen.at\/#\/schema\/logo\/image\/","url":"https:\/\/imker-aigen.at\/wp-content\/uploads\/2022\/08\/logo-1.png","contentUrl":"https:\/\/imker-aigen.at\/wp-content\/uploads\/2022\/08\/logo-1.png","width":392,"height":156,"caption":"Imker Ortsgruppe Salzburg Aigen"},"image":{"@id":"https:\/\/imker-aigen.at\/#\/schema\/logo\/image\/"}}]}</script>
<!-- / Yoast SEO plugin. -->

Beim österreichweiten Aktionstag werden auch dieses Jahr wieder Imkerinnen und Imker aus Salzburg teilnehmen. Salzburg-Stadt Bei Schönwetter öffnet die Salzburger Stadtimkerin Karoline V. Greimel von 13:00 bis 17:00 Uhr ihren [&hellip;]
