{"id":7921,"date":"2025-05-20T08:19:52","date_gmt":"2025-05-20T06:19:52","guid":{"rendered":"https:\/\/imker-aigen.at\/?post_type=tribe_events&#038;p=7921"},"modified":"2025-05-20T08:34:25","modified_gmt":"2025-05-20T06:34:25","slug":"internationaler-weltbienentag-2","status":"publish","type":"tribe_events","link":"https:\/\/imker-aigen.at\/index.php\/event\/internationaler-weltbienentag-2\/","title":{"rendered":"Internationaler Weltbienentag"},"content":{"rendered":"<p>Der 20. Mai ist UN-Weltbienentag, damit unterstreicht die Weltgemeinschaft den dringenden Schutz der Bienen. <span class=\"ILfuVd\" lang=\"de\"><span class=\"hgKElc\">An diesem Tag gedenken wir unseren Bienen, denen wir so viel zu verdanken haben. Denn eine Welt ohne Bienen ist undenkbar. <\/span><\/span><\/p>\n<p><span class=\"ILfuVd\" lang=\"de\"><span class=\"hgKElc\"><b>Die Bedeutung von Bienen (Wild- und Honigbienen) als Best\u00e4uber f\u00fcr Biodiversit\u00e4t und Ern\u00e4hrungssicherheit ist elementar f\u00fcr die Menschheit<\/b><\/span><\/span><\/p>\n<p>F\u00fcr den Weltbienentag wurde der Geburtstag von Anton Jan\u0161a gew\u00e4hlt, der nicht nur ein Pionier der modernen Imkerei war, sondern auch als der Erfinder der Bienenkiste gilt.<\/p>\n","protected":false},"excerpt":{"rendered":"<p>Der 20. Mai ist UN-Weltbienentag, damit unterstreicht die Weltgemeinschaft den dringenden Schutz der Bienen. An diesem Tag gedenken wir unseren Bienen, denen wir so viel zu verdanken haben. Denn eine [&hellip;]<\/p>\n","protected":false},"author":1,"featured_media":7925,"template":"","meta":{"_tribe_events_status":"","_tribe_events_status_reason":"","footnotes":""},"tags":[59],"tribe_events_cat":[],"class_list":["post-7921","tribe_events","type-tribe_events","status-publish","has-post-thumbnail","hentry","tag-weltbienentag"],"yoast_head":"<!-- This site is optimized with the Yoast SEO plugin v27.4 - https:\/\/yoast.com\/product\/yoast-seo-wordpress\/ -->\n<title>Internationaler Weltbienentag - Imker Ortsgruppe Salzburg Aigen<\/title>\n<meta name=\"description\" content=\"Der 20. Mai ist der internationale Weltbienentag. F\u00fcr Imkervereine ist dies nat\u00fcrlich der wichtigste Gedenktag des Jahres.\" \/>\n<meta name=\"robots\" content=\"index, follow, max-snippet:-1, max-image-preview:large, max-video-preview:-1\" \/>\n<link rel=\"canonical\" href=\"https:\/\/imker-aigen.at\/index.php\/event\/internationaler-weltbienentag-2\/\" \/>\n<meta property=\"og:locale\" content=\"de_DE\" \/>\n<meta property=\"og:type\" content=\"article\" \/>\n<meta property=\"og:title\" content=\"Internationaler Weltbienentag - Imker Ortsgruppe Salzburg Aigen\" \/>\n<meta property=\"og:description\" content=\"Der 20. Mai ist der internationale Weltbienentag. F\u00fcr Imkervereine ist dies nat\u00fcrlich der wichtigste Gedenktag des Jahres.\" \/>\n<meta property=\"og:url\" content=\"https:\/\/imker-aigen.at\/index.php\/event\/internationaler-weltbienentag-2\/\" \/>\n<meta property=\"og:site_name\" content=\"Imker Ortsgruppe Salzburg Aigen\" \/>\n<meta property=\"article:modified_time\" content=\"2025-05-20T06:34:25+00:00\" \/>\n<meta property=\"og:image\" content=\"https:\/\/imker-aigen.at\/wp-content\/uploads\/2025\/05\/bee_1024x768.jpg\" \/>\n\t<meta property=\"og:image:width\" content=\"1024\" \/>\n\t<meta property=\"og:image:height\" content=\"768\" \/>\n\t<meta property=\"og:image:type\" content=\"image\/jpeg\" \/>\n<meta name=\"twitter:card\" content=\"summary_large_image\" \/>\n<script type=\"application\/ld+json\" class=\"yoast-schema-graph\">{\"@context\":\"https:\\\/\\\/schema.org\",\"@graph\":[{\"@type\":\"WebPage\",\"@id\":\"https:\\\/\\\/imker-aigen.at\\\/index.php\\\/event\\\/internationaler-weltbienentag-2\\\/\",\"url\":\"https:\\\/\\\/imker-aigen.at\\\/index.php\\\/event\\\/internationaler-weltbienentag-2\\\/\",\"name\":\"Internationaler Weltbienentag - Imker Ortsgruppe Salzburg Aigen\",\"isPartOf\":{\"@id\":\"https:\\\/\\\/imker-aigen.at\\\/#website\"},\"primaryImageOfPage\":{\"@id\":\"https:\\\/\\\/imker-aigen.at\\\/index.php\\\/event\\\/internationaler-weltbienentag-2\\\/#primaryimage\"},\"image\":{\"@id\":\"https:\\\/\\\/imker-aigen.at\\\/index.php\\\/event\\\/internationaler-weltbienentag-2\\\/#primaryimage\"},\"thumbnailUrl\":\"https:\\\/\\\/imker-aigen.at\\\/wp-content\\\/uploads\\\/2025\\\/05\\\/bee_1024x768.jpg\",\"datePublished\":\"2025-05-20T06:19:52+00:00\",\"dateModified\":\"2025-05-20T06:34:25+00:00\",\"description\":\"Der 20. Mai ist der internationale Weltbienentag. F\u00fcr Imkervereine ist dies nat\u00fcrlich der wichtigste Gedenktag des Jahres.\",\"breadcrumb\":{\"@id\":\"https:\\\/\\\/imker-aigen.at\\\/index.php\\\/event\\\/internationaler-weltbienentag-2\\\/#breadcrumb\"},\"inLanguage\":\"de\",\"potentialAction\":[{\"@type\":\"ReadAction\",\"target\":[\"https:\\\/\\\/imker-aigen.at\\\/index.php\\\/event\\\/internationaler-weltbienentag-2\\\/\"]}]},{\"@type\":\"ImageObject\",\"inLanguage\":\"de\",\"@id\":\"https:\\\/\\\/imker-aigen.at\\\/index.php\\\/event\\\/internationaler-weltbienentag-2\\\/#primaryimage\",\"url\":\"https:\\\/\\\/imker-aigen.at\\\/wp-content\\\/uploads\\\/2025\\\/05\\\/bee_1024x768.jpg\",\"contentUrl\":\"https:\\\/\\\/imker-aigen.at\\\/wp-content\\\/uploads\\\/2025\\\/05\\\/bee_1024x768.jpg\",\"width\":1024,\"height\":768},{\"@type\":\"BreadcrumbList\",\"@id\":\"https:\\\/\\\/imker-aigen.at\\\/index.php\\\/event\\\/internationaler-weltbienentag-2\\\/#breadcrumb\",\"itemListElement\":[{\"@type\":\"ListItem\",\"position\":1,\"name\":\"Startseite\",\"item\":\"https:\\\/\\\/imker-aigen.at\\\/index.php\\\/home\\\/\"},{\"@type\":\"ListItem\",\"position\":2,\"name\":\"Veranstaltungen\",\"item\":\"https:\\\/\\\/imker-aigen.at\\\/index.php\\\/events\\\/\"},{\"@type\":\"ListItem\",\"position\":3,\"name\":\"Internationaler Weltbienentag\"}]},{\"@type\":\"WebSite\",\"@id\":\"https:\\\/\\\/imker-aigen.at\\\/#website\",\"url\":\"https:\\\/\\\/imker-aigen.at\\\/\",\"name\":\"Imker Ortsgruppe Salzburg Aigen\",\"description\":\"Homepage der Imker-Ortsgruppe Salzburg Aigen\",\"publisher\":{\"@id\":\"https:\\\/\\\/imker-aigen.at\\\/#organization\"},\"potentialAction\":[{\"@type\":\"SearchAction\",\"target\":{\"@type\":\"EntryPoint\",\"urlTemplate\":\"https:\\\/\\\/imker-aigen.at\\\/?s={search_term_string}\"},\"query-input\":{\"@type\":\"PropertyValueSpecification\",\"valueRequired\":true,\"valueName\":\"search_term_string\"}}],\"inLanguage\":\"de\"},{\"@type\":\"Organization\",\"@id\":\"https:\\\/\\\/imker-aigen.at\\\/#organization\",\"name\":\"Imker Ortsgruppe Salzburg Aigen\",\"url\":\"https:\\\/\\\/imker-aigen.at\\\/\",\"logo\":{\"@type\":\"ImageObject\",\"inLanguage\":\"de\",\"@id\":\"https:\\\/\\\/imker-aigen.at\\\/#\\\/schema\\\/logo\\\/image\\\/\",\"url\":\"https:\\\/\\\/imker-aigen.at\\\/wp-content\\\/uploads\\\/2022\\\/08\\\/logo-1.png\",\"contentUrl\":\"https:\\\/\\\/imker-aigen.at\\\/wp-content\\\/uploads\\\/2022\\\/08\\\/logo-1.png\",\"width\":392,\"height\":156,\"caption\":\"Imker Ortsgruppe Salzburg Aigen\"},\"image\":{\"@id\":\"https:\\\/\\\/imker-aigen.at\\\/#\\\/schema\\\/logo\\\/image\\\/\"}}]}<\/script>\n<!-- \/ Yoast SEO plugin. -->","yoast_head_json":{"title":"Internationaler Weltbienentag - Imker Ortsgruppe Salzburg Aigen","description":"Der 20. Mai ist der internationale Weltbienentag. F\u00fcr Imkervereine ist dies nat\u00fcrlich der wichtigste Gedenktag des Jahres.","robots":{"index":"index","follow":"follow","max-snippet":"max-snippet:-1","max-image-preview":"max-image-preview:large","max-video-preview":"max-video-preview:-1"},"canonical":"https:\/\/imker-aigen.at\/index.php\/event\/internationaler-weltbienentag-2\/","og_locale":"de_DE","og_type":"article","og_title":"Internationaler Weltbienentag - Imker Ortsgruppe Salzburg Aigen","og_description":"Der 20. Mai ist der internationale Weltbienentag. F\u00fcr Imkervereine ist dies nat\u00fcrlich der wichtigste Gedenktag des Jahres.","og_url":"https:\/\/imker-aigen.at\/index.php\/event\/internationaler-weltbienentag-2\/","og_site_name":"Imker Ortsgruppe Salzburg Aigen","article_modified_time":"2025-05-20T06:34:25+00:00","og_image":[{"width":1024,"height":768,"url":"https:\/\/imker-aigen.at\/wp-content\/uploads\/2025\/05\/bee_1024x768.jpg","type":"image\/jpeg"}],"twitter_card":"summary_large_image","schema":{"@context":"https:\/\/schema.org","@graph":[{"@type":"WebPage","@id":"https:\/\/imker-aigen.at\/index.php\/event\/internationaler-weltbienentag-2\/","url":"https:\/\/imker-aigen.at\/index.php\/event\/internationaler-weltbienentag-2\/","name":"Internationaler Weltbienentag - Imker Ortsgruppe Salzburg Aigen","isPartOf":{"@id":"https:\/\/imker-aigen.at\/#website"},"primaryImageOfPage":{"@id":"https:\/\/imker-aigen.at\/index.php\/event\/internationaler-weltbienentag-2\/#primaryimage"},"image":{"@id":"https:\/\/imker-aigen.at\/index.php\/event\/internationaler-weltbienentag-2\/#primaryimage"},"thumbnailUrl":"https:\/\/imker-aigen.at\/wp-content\/uploads\/2025\/05\/bee_1024x768.jpg","datePublished":"2025-05-20T06:19:52+00:00","dateModified":"2025-05-20T06:34:25+00:00","description":"Der 20. Mai ist der internationale Weltbienentag. F\u00fcr Imkervereine ist dies nat\u00fcrlich der wichtigste Gedenktag des Jahres.","breadcrumb":{"@id":"https:\/\/imker-aigen.at\/index.php\/event\/internationaler-weltbienentag-2\/#breadcrumb"},"inLanguage":"de","potentialAction":[{"@type":"ReadAction","target":["https:\/\/imker-aigen.at\/index.php\/event\/internationaler-weltbienentag-2\/"]}]},{"@type":"ImageObject","inLanguage":"de","@id":"https:\/\/imker-aigen.at\/index.php\/event\/internationaler-weltbienentag-2\/#primaryimage","url":"https:\/\/imker-aigen.at\/wp-content\/uploads\/2025\/05\/bee_1024x768.jpg","contentUrl":"https:\/\/imker-aigen.at\/wp-content\/uploads\/2025\/05\/bee_1024x768.jpg","width":1024,"height":768},{"@type":"BreadcrumbList","@id":"https:\/\/imker-aigen.at\/index.php\/event\/internationaler-weltbienentag-2\/#breadcrumb","itemListElement":[{"@type":"ListItem","position":1,"name":"Startseite","item":"https:\/\/imker-aigen.at\/index.php\/home\/"},{"@type":"ListItem","position":2,"name":"Veranstaltungen","item":"https:\/\/imker-aigen.at\/index.php\/events\/"},{"@type":"ListItem","position":3,"name":"Internationaler Weltbienentag"}]},{"@type":"WebSite","@id":"https:\/\/imker-aigen.at\/#website","url":"https:\/\/imker-aigen.at\/","name":"Imker Ortsgruppe Salzburg Aigen","description":"Homepage der Imker-Ortsgruppe Salzburg Aigen","publisher":{"@id":"https:\/\/imker-aigen.at\/#organization"},"potentialAction":[{"@type":"SearchAction","target":{"@type":"EntryPoint","urlTemplate":"https:\/\/imker-aigen.at\/?s={search_term_string}"},"query-input":{"@type":"PropertyValueSpecification","valueRequired":true,"valueName":"search_term_string"}}],"inLanguage":"de"},{"@type":"Organization","@id":"https:\/\/imker-aigen.at\/#organization","name":"Imker Ortsgruppe Salzburg Aigen","url":"https:\/\/imker-aigen.at\/","logo":{"@type":"ImageObject","inLanguage":"de","@id":"https:\/\/imker-aigen.at\/#\/schema\/logo\/image\/","url":"https:\/\/imker-aigen.at\/wp-content\/uploads\/2022\/08\/logo-1.png","contentUrl":"https:\/\/imker-aigen.at\/wp-content\/uploads\/2022\/08\/logo-1.png","width":392,"height":156,"caption":"Imker Ortsgruppe Salzburg Aigen"},"image":{"@id":"https:\/\/imker-aigen.at\/#\/schema\/logo\/image\/"}}]}},"_links":{"self":[{"href":"https:\/\/imker-aigen.at\/index.php\/wp-json\/wp\/v2\/tribe_events\/7921","targetHints":{"allow":["GET"]}}],"collection":[{"href":"https:\/\/imker-aigen.at\/index.php\/wp-json\/wp\/v2\/tribe_events"}],"about":[{"href":"https:\/\/imker-aigen.at\/index.php\/wp-json\/wp\/v2\/types\/tribe_events"}],"author":[{"embeddable":true,"href":"https:\/\/imker-aigen.at\/index.php\/wp-json\/wp\/v2\/users\/1"}],"version-history":[{"count":2,"href":"https:\/\/imker-aigen.at\/index.php\/wp-json\/wp\/v2\/tribe_events\/7921\/revisions"}],"predecessor-version":[{"id":7926,"href":"https:\/\/imker-aigen.at\/index.php\/wp-json\/wp\/v2\/tribe_events\/7921\/revisions\/7926"}],"wp:featuredmedia":[{"embeddable":true,"href":"https:\/\/imker-aigen.at\/index.php\/wp-json\/wp\/v2\/media\/7925"}],"wp:attachment":[{"href":"https:\/\/imker-aigen.at\/index.php\/wp-json\/wp\/v2\/media?parent=7921"}],"wp:term":[{"taxonomy":"post_tag","embeddable":true,"href":"https:\/\/imker-aigen.at\/index.php\/wp-json\/wp\/v2\/tags?post=7921"},{"taxonomy":"tribe_events_cat","embeddable":true,"href":"https:\/\/imker-aigen.at\/index.php\/wp-json\/wp\/v2\/tribe_events_cat?post=7921"}],"curies":[{"name":"wp","href":"https:\/\/api.w.org\/{rel}","templated":true}]}}

<p>Der 20. Mai ist UN-Weltbienentag, damit unterstreicht die Weltgemeinschaft den dringenden Schutz der Bienen. <span class="ILfuVd" lang="de"><span class="hgKElc">An diesem Tag gedenken wir unseren Bienen, denen wir so viel zu verdanken haben. Denn eine Welt ohne Bienen ist undenkbar. </span></span></p>
<p><span class="ILfuVd" lang="de"><span class="hgKElc"><b>Die Bedeutung von Bienen (Wild- und Honigbienen) als Bestäuber für Biodiversität und Ernährungssicherheit ist elementar für die Menschheit</b></span></span></p>
<p>Für den Weltbienentag wurde der Geburtstag von Anton Janša gewählt, der nicht nur ein Pionier der modernen Imkerei war, sondern auch als der Erfinder der Bienenkiste gilt.</p>

<!-- This site is optimized with the Yoast SEO plugin v27.4 - https://yoast.com/product/yoast-seo-wordpress/ -->
<title>Internationaler Weltbienentag - Imker Ortsgruppe Salzburg Aigen</title>
<meta name="description" content="Der 20. Mai ist der internationale Weltbienentag. Für Imkervereine ist dies natürlich der wichtigste Gedenktag des Jahres." />
<meta name="robots" content="index, follow, max-snippet:-1, max-image-preview:large, max-video-preview:-1" />
<link rel="canonical" href="https://imker-aigen.at/index.php/event/internationaler-weltbienentag-2/" />
<meta property="og:locale" content="de_DE" />
<meta property="og:type" content="article" />
<meta property="og:title" content="Internationaler Weltbienentag - Imker Ortsgruppe Salzburg Aigen" />
<meta property="og:description" content="Der 20. Mai ist der internationale Weltbienentag. Für Imkervereine ist dies natürlich der wichtigste Gedenktag des Jahres." />
<meta property="og:url" content="https://imker-aigen.at/index.php/event/internationaler-weltbienentag-2/" />
<meta property="og:site_name" content="Imker Ortsgruppe Salzburg Aigen" />
<meta property="article:modified_time" content="2025-05-20T06:34:25+00:00" />
<meta property="og:image" content="https://imker-aigen.at/wp-content/uploads/2025/05/bee_1024x768.jpg" />
	<meta property="og:image:width" content="1024" />
	<meta property="og:image:height" content="768" />
	<meta property="og:image:type" content="image/jpeg" />
<meta name="twitter:card" content="summary_large_image" />
<script type="application/ld+json" class="yoast-schema-graph">{"@context":"https:\/\/schema.org","@graph":[{"@type":"WebPage","@id":"https:\/\/imker-aigen.at\/index.php\/event\/internationaler-weltbienentag-2\/","url":"https:\/\/imker-aigen.at\/index.php\/event\/internationaler-weltbienentag-2\/","name":"Internationaler Weltbienentag - Imker Ortsgruppe Salzburg Aigen","isPartOf":{"@id":"https:\/\/imker-aigen.at\/#website"},"primaryImageOfPage":{"@id":"https:\/\/imker-aigen.at\/index.php\/event\/internationaler-weltbienentag-2\/#primaryimage"},"image":{"@id":"https:\/\/imker-aigen.at\/index.php\/event\/internationaler-weltbienentag-2\/#primaryimage"},"thumbnailUrl":"https:\/\/imker-aigen.at\/wp-content\/uploads\/2025\/05\/bee_1024x768.jpg","datePublished":"2025-05-20T06:19:52+00:00","dateModified":"2025-05-20T06:34:25+00:00","description":"Der 20. Mai ist der internationale Weltbienentag. Für Imkervereine ist dies natürlich der wichtigste Gedenktag des Jahres.","breadcrumb":{"@id":"https:\/\/imker-aigen.at\/index.php\/event\/internationaler-weltbienentag-2\/#breadcrumb"},"inLanguage":"de","potentialAction":[{"@type":"ReadAction","target":["https:\/\/imker-aigen.at\/index.php\/event\/internationaler-weltbienentag-2\/"]}]},{"@type":"ImageObject","inLanguage":"de","@id":"https:\/\/imker-aigen.at\/index.php\/event\/internationaler-weltbienentag-2\/#primaryimage","url":"https:\/\/imker-aigen.at\/wp-content\/uploads\/2025\/05\/bee_1024x768.jpg","contentUrl":"https:\/\/imker-aigen.at\/wp-content\/uploads\/2025\/05\/bee_1024x768.jpg","width":1024,"height":768},{"@type":"BreadcrumbList","@id":"https:\/\/imker-aigen.at\/index.php\/event\/internationaler-weltbienentag-2\/#breadcrumb","itemListElement":[{"@type":"ListItem","position":1,"name":"Startseite","item":"https:\/\/imker-aigen.at\/index.php\/home\/"},{"@type":"ListItem","position":2,"name":"Veranstaltungen","item":"https:\/\/imker-aigen.at\/index.php\/events\/"},{"@type":"ListItem","position":3,"name":"Internationaler Weltbienentag"}]},{"@type":"WebSite","@id":"https:\/\/imker-aigen.at\/#website","url":"https:\/\/imker-aigen.at\/","name":"Imker Ortsgruppe Salzburg Aigen","description":"Homepage der Imker-Ortsgruppe Salzburg Aigen","publisher":{"@id":"https:\/\/imker-aigen.at\/#organization"},"potentialAction":[{"@type":"SearchAction","target":{"@type":"EntryPoint","urlTemplate":"https:\/\/imker-aigen.at\/?s={search_term_string}"},"query-input":{"@type":"PropertyValueSpecification","valueRequired":true,"valueName":"search_term_string"}}],"inLanguage":"de"},{"@type":"Organization","@id":"https:\/\/imker-aigen.at\/#organization","name":"Imker Ortsgruppe Salzburg Aigen","url":"https:\/\/imker-aigen.at\/","logo":{"@type":"ImageObject","inLanguage":"de","@id":"https:\/\/imker-aigen.at\/#\/schema\/logo\/image\/","url":"https:\/\/imker-aigen.at\/wp-content\/uploads\/2022\/08\/logo-1.png","contentUrl":"https:\/\/imker-aigen.at\/wp-content\/uploads\/2022\/08\/logo-1.png","width":392,"height":156,"caption":"Imker Ortsgruppe Salzburg Aigen"},"image":{"@id":"https:\/\/imker-aigen.at\/#\/schema\/logo\/image\/"}}]}</script>
<!-- / Yoast SEO plugin. -->

Der 20. Mai ist der internationale Weltbienentag. Für Imkervereine ist dies natürlich der wichtigste Gedenktag des Jahres.
