{"id":8616,"date":"2025-09-01T12:00:39","date_gmt":"2025-09-01T10:00:39","guid":{"rendered":"https:\/\/imker-aigen.at\/?post_type=tribe_events&#038;p=8616"},"modified":"2026-04-27T13:34:49","modified_gmt":"2026-04-27T11:34:49","slug":"ausserordentliche-mitgliederversammlung-27-oktober-2026-neuwahl-des-vorstands","status":"publish","type":"tribe_events","link":"https:\/\/imker-aigen.at\/index.php\/event\/ausserordentliche-mitgliederversammlung-27-oktober-2026-neuwahl-des-vorstands\/","title":{"rendered":"Au\u00dferordentliche Mitgliederversammlung f\u00fcr die Neuwahl des Vorstands"},"content":{"rendered":"<p>Neuwahl des Vorstands f\u00fcr eine Funktionsperiode von 4 Jahren<\/p>\n<p>Wer eine Aufgabe im Vorstand des Vereins \u00fcbernehmen m\u00f6chte, m\u00f6ge sich bitte umgehend melden! Wir werden die Zeit bis zur Neuwahl nutzen, um allen Interessierten die jeweiligen Aufgabenbereiche zu zeigen. Wenn diese Personen dann auch gew\u00e4hlt werden, sollte einem reibungslosen \u00dcbergang nichts im Wege stehen.<\/p>\n","protected":false},"excerpt":{"rendered":"<p>Neuwahl des Vorstands f\u00fcr eine Funktionsperiode von 4 Jahren Wer eine Aufgabe im Vorstand des Vereins \u00fcbernehmen m\u00f6chte, m\u00f6ge sich bitte umgehend melden! Wir werden die Zeit bis zur Neuwahl [&hellip;]<\/p>\n","protected":false},"author":1,"featured_media":0,"template":"","meta":{"_tribe_events_status":"","_tribe_events_status_reason":"","footnotes":""},"tags":[555,165,556],"tribe_events_cat":[],"class_list":["post-8616","tribe_events","type-tribe_events","status-publish","hentry","tag-ausserordentliche-mitgliederversammlung","tag-neuwahl","tag-vorstand"],"yoast_head":"<!-- This site is optimized with the Yoast SEO plugin v27.4 - https:\/\/yoast.com\/product\/yoast-seo-wordpress\/ -->\n<title>Au\u00dferordentliche Mitgliederversammlung f\u00fcr die Neuwahl des Vorstands - Imker Ortsgruppe Salzburg Aigen<\/title>\n<meta name=\"robots\" content=\"index, follow, max-snippet:-1, max-image-preview:large, max-video-preview:-1\" \/>\n<link rel=\"canonical\" href=\"https:\/\/imker-aigen.at\/index.php\/event\/ausserordentliche-mitgliederversammlung-27-oktober-2026-neuwahl-des-vorstands\/\" \/>\n<meta property=\"og:locale\" content=\"de_DE\" \/>\n<meta property=\"og:type\" content=\"article\" \/>\n<meta property=\"og:title\" content=\"Au\u00dferordentliche Mitgliederversammlung f\u00fcr die Neuwahl des Vorstands - Imker Ortsgruppe Salzburg Aigen\" \/>\n<meta property=\"og:description\" content=\"Neuwahl des Vorstands f\u00fcr eine Funktionsperiode von 4 Jahren Wer eine Aufgabe im Vorstand des Vereins \u00fcbernehmen m\u00f6chte, m\u00f6ge sich bitte umgehend melden! Wir werden die Zeit bis zur Neuwahl [&hellip;]\" \/>\n<meta property=\"og:url\" content=\"https:\/\/imker-aigen.at\/index.php\/event\/ausserordentliche-mitgliederversammlung-27-oktober-2026-neuwahl-des-vorstands\/\" \/>\n<meta property=\"og:site_name\" content=\"Imker Ortsgruppe Salzburg Aigen\" \/>\n<meta property=\"article:modified_time\" content=\"2026-04-27T11:34:49+00:00\" \/>\n<meta name=\"twitter:card\" content=\"summary_large_image\" \/>\n<script type=\"application\/ld+json\" class=\"yoast-schema-graph\">{\"@context\":\"https:\\\/\\\/schema.org\",\"@graph\":[{\"@type\":\"WebPage\",\"@id\":\"https:\\\/\\\/imker-aigen.at\\\/index.php\\\/event\\\/ausserordentliche-mitgliederversammlung-27-oktober-2026-neuwahl-des-vorstands\\\/\",\"url\":\"https:\\\/\\\/imker-aigen.at\\\/index.php\\\/event\\\/ausserordentliche-mitgliederversammlung-27-oktober-2026-neuwahl-des-vorstands\\\/\",\"name\":\"Au\u00dferordentliche Mitgliederversammlung f\u00fcr die Neuwahl des Vorstands - Imker Ortsgruppe Salzburg Aigen\",\"isPartOf\":{\"@id\":\"https:\\\/\\\/imker-aigen.at\\\/#website\"},\"datePublished\":\"2025-09-01T10:00:39+00:00\",\"dateModified\":\"2026-04-27T11:34:49+00:00\",\"breadcrumb\":{\"@id\":\"https:\\\/\\\/imker-aigen.at\\\/index.php\\\/event\\\/ausserordentliche-mitgliederversammlung-27-oktober-2026-neuwahl-des-vorstands\\\/#breadcrumb\"},\"inLanguage\":\"de\",\"potentialAction\":[{\"@type\":\"ReadAction\",\"target\":[\"https:\\\/\\\/imker-aigen.at\\\/index.php\\\/event\\\/ausserordentliche-mitgliederversammlung-27-oktober-2026-neuwahl-des-vorstands\\\/\"]}]},{\"@type\":\"BreadcrumbList\",\"@id\":\"https:\\\/\\\/imker-aigen.at\\\/index.php\\\/event\\\/ausserordentliche-mitgliederversammlung-27-oktober-2026-neuwahl-des-vorstands\\\/#breadcrumb\",\"itemListElement\":[{\"@type\":\"ListItem\",\"position\":1,\"name\":\"Startseite\",\"item\":\"https:\\\/\\\/imker-aigen.at\\\/index.php\\\/home\\\/\"},{\"@type\":\"ListItem\",\"position\":2,\"name\":\"Veranstaltungen\",\"item\":\"https:\\\/\\\/imker-aigen.at\\\/index.php\\\/events\\\/\"},{\"@type\":\"ListItem\",\"position\":3,\"name\":\"Au\u00dferordentliche Mitgliederversammlung f\u00fcr die Neuwahl des Vorstands\"}]},{\"@type\":\"WebSite\",\"@id\":\"https:\\\/\\\/imker-aigen.at\\\/#website\",\"url\":\"https:\\\/\\\/imker-aigen.at\\\/\",\"name\":\"Imker Ortsgruppe Salzburg Aigen\",\"description\":\"Homepage der Imker-Ortsgruppe Salzburg Aigen\",\"publisher\":{\"@id\":\"https:\\\/\\\/imker-aigen.at\\\/#organization\"},\"potentialAction\":[{\"@type\":\"SearchAction\",\"target\":{\"@type\":\"EntryPoint\",\"urlTemplate\":\"https:\\\/\\\/imker-aigen.at\\\/?s={search_term_string}\"},\"query-input\":{\"@type\":\"PropertyValueSpecification\",\"valueRequired\":true,\"valueName\":\"search_term_string\"}}],\"inLanguage\":\"de\"},{\"@type\":\"Organization\",\"@id\":\"https:\\\/\\\/imker-aigen.at\\\/#organization\",\"name\":\"Imker Ortsgruppe Salzburg Aigen\",\"url\":\"https:\\\/\\\/imker-aigen.at\\\/\",\"logo\":{\"@type\":\"ImageObject\",\"inLanguage\":\"de\",\"@id\":\"https:\\\/\\\/imker-aigen.at\\\/#\\\/schema\\\/logo\\\/image\\\/\",\"url\":\"https:\\\/\\\/imker-aigen.at\\\/wp-content\\\/uploads\\\/2022\\\/08\\\/logo-1.png\",\"contentUrl\":\"https:\\\/\\\/imker-aigen.at\\\/wp-content\\\/uploads\\\/2022\\\/08\\\/logo-1.png\",\"width\":392,\"height\":156,\"caption\":\"Imker Ortsgruppe Salzburg Aigen\"},\"image\":{\"@id\":\"https:\\\/\\\/imker-aigen.at\\\/#\\\/schema\\\/logo\\\/image\\\/\"}}]}<\/script>\n<!-- \/ Yoast SEO plugin. -->","yoast_head_json":{"title":"Au\u00dferordentliche Mitgliederversammlung f\u00fcr die Neuwahl des Vorstands - Imker Ortsgruppe Salzburg Aigen","robots":{"index":"index","follow":"follow","max-snippet":"max-snippet:-1","max-image-preview":"max-image-preview:large","max-video-preview":"max-video-preview:-1"},"canonical":"https:\/\/imker-aigen.at\/index.php\/event\/ausserordentliche-mitgliederversammlung-27-oktober-2026-neuwahl-des-vorstands\/","og_locale":"de_DE","og_type":"article","og_title":"Au\u00dferordentliche Mitgliederversammlung f\u00fcr die Neuwahl des Vorstands - Imker Ortsgruppe Salzburg Aigen","og_description":"Neuwahl des Vorstands f\u00fcr eine Funktionsperiode von 4 Jahren Wer eine Aufgabe im Vorstand des Vereins \u00fcbernehmen m\u00f6chte, m\u00f6ge sich bitte umgehend melden! Wir werden die Zeit bis zur Neuwahl [&hellip;]","og_url":"https:\/\/imker-aigen.at\/index.php\/event\/ausserordentliche-mitgliederversammlung-27-oktober-2026-neuwahl-des-vorstands\/","og_site_name":"Imker Ortsgruppe Salzburg Aigen","article_modified_time":"2026-04-27T11:34:49+00:00","twitter_card":"summary_large_image","schema":{"@context":"https:\/\/schema.org","@graph":[{"@type":"WebPage","@id":"https:\/\/imker-aigen.at\/index.php\/event\/ausserordentliche-mitgliederversammlung-27-oktober-2026-neuwahl-des-vorstands\/","url":"https:\/\/imker-aigen.at\/index.php\/event\/ausserordentliche-mitgliederversammlung-27-oktober-2026-neuwahl-des-vorstands\/","name":"Au\u00dferordentliche Mitgliederversammlung f\u00fcr die Neuwahl des Vorstands - Imker Ortsgruppe Salzburg Aigen","isPartOf":{"@id":"https:\/\/imker-aigen.at\/#website"},"datePublished":"2025-09-01T10:00:39+00:00","dateModified":"2026-04-27T11:34:49+00:00","breadcrumb":{"@id":"https:\/\/imker-aigen.at\/index.php\/event\/ausserordentliche-mitgliederversammlung-27-oktober-2026-neuwahl-des-vorstands\/#breadcrumb"},"inLanguage":"de","potentialAction":[{"@type":"ReadAction","target":["https:\/\/imker-aigen.at\/index.php\/event\/ausserordentliche-mitgliederversammlung-27-oktober-2026-neuwahl-des-vorstands\/"]}]},{"@type":"BreadcrumbList","@id":"https:\/\/imker-aigen.at\/index.php\/event\/ausserordentliche-mitgliederversammlung-27-oktober-2026-neuwahl-des-vorstands\/#breadcrumb","itemListElement":[{"@type":"ListItem","position":1,"name":"Startseite","item":"https:\/\/imker-aigen.at\/index.php\/home\/"},{"@type":"ListItem","position":2,"name":"Veranstaltungen","item":"https:\/\/imker-aigen.at\/index.php\/events\/"},{"@type":"ListItem","position":3,"name":"Au\u00dferordentliche Mitgliederversammlung f\u00fcr die Neuwahl des Vorstands"}]},{"@type":"WebSite","@id":"https:\/\/imker-aigen.at\/#website","url":"https:\/\/imker-aigen.at\/","name":"Imker Ortsgruppe Salzburg Aigen","description":"Homepage der Imker-Ortsgruppe Salzburg Aigen","publisher":{"@id":"https:\/\/imker-aigen.at\/#organization"},"potentialAction":[{"@type":"SearchAction","target":{"@type":"EntryPoint","urlTemplate":"https:\/\/imker-aigen.at\/?s={search_term_string}"},"query-input":{"@type":"PropertyValueSpecification","valueRequired":true,"valueName":"search_term_string"}}],"inLanguage":"de"},{"@type":"Organization","@id":"https:\/\/imker-aigen.at\/#organization","name":"Imker Ortsgruppe Salzburg Aigen","url":"https:\/\/imker-aigen.at\/","logo":{"@type":"ImageObject","inLanguage":"de","@id":"https:\/\/imker-aigen.at\/#\/schema\/logo\/image\/","url":"https:\/\/imker-aigen.at\/wp-content\/uploads\/2022\/08\/logo-1.png","contentUrl":"https:\/\/imker-aigen.at\/wp-content\/uploads\/2022\/08\/logo-1.png","width":392,"height":156,"caption":"Imker Ortsgruppe Salzburg Aigen"},"image":{"@id":"https:\/\/imker-aigen.at\/#\/schema\/logo\/image\/"}}]}},"_links":{"self":[{"href":"https:\/\/imker-aigen.at\/index.php\/wp-json\/wp\/v2\/tribe_events\/8616","targetHints":{"allow":["GET"]}}],"collection":[{"href":"https:\/\/imker-aigen.at\/index.php\/wp-json\/wp\/v2\/tribe_events"}],"about":[{"href":"https:\/\/imker-aigen.at\/index.php\/wp-json\/wp\/v2\/types\/tribe_events"}],"author":[{"embeddable":true,"href":"https:\/\/imker-aigen.at\/index.php\/wp-json\/wp\/v2\/users\/1"}],"version-history":[{"count":7,"href":"https:\/\/imker-aigen.at\/index.php\/wp-json\/wp\/v2\/tribe_events\/8616\/revisions"}],"predecessor-version":[{"id":10017,"href":"https:\/\/imker-aigen.at\/index.php\/wp-json\/wp\/v2\/tribe_events\/8616\/revisions\/10017"}],"wp:attachment":[{"href":"https:\/\/imker-aigen.at\/index.php\/wp-json\/wp\/v2\/media?parent=8616"}],"wp:term":[{"taxonomy":"post_tag","embeddable":true,"href":"https:\/\/imker-aigen.at\/index.php\/wp-json\/wp\/v2\/tags?post=8616"},{"taxonomy":"tribe_events_cat","embeddable":true,"href":"https:\/\/imker-aigen.at\/index.php\/wp-json\/wp\/v2\/tribe_events_cat?post=8616"}],"curies":[{"name":"wp","href":"https:\/\/api.w.org\/{rel}","templated":true}]}}

Außerordentliche Mitgliederversammlung für die Neuwahl des Vorstands

<p>Neuwahl des Vorstands für eine Funktionsperiode von 4 Jahren</p>
<p>Wer eine Aufgabe im Vorstand des Vereins übernehmen möchte, möge sich bitte umgehend melden! Wir werden die Zeit bis zur Neuwahl nutzen, um allen Interessierten die jeweiligen Aufgabenbereiche zu zeigen. Wenn diese Personen dann auch gewählt werden, sollte einem reibungslosen Übergang nichts im Wege stehen.</p>

<p>Neuwahl des Vorstands für eine Funktionsperiode von 4 Jahren Wer eine Aufgabe im Vorstand des Vereins übernehmen möchte, möge sich bitte umgehend melden! Wir werden die Zeit bis zur Neuwahl [&hellip;]</p>

<!-- This site is optimized with the Yoast SEO plugin v27.4 - https://yoast.com/product/yoast-seo-wordpress/ -->
<title>Außerordentliche Mitgliederversammlung für die Neuwahl des Vorstands - Imker Ortsgruppe Salzburg Aigen</title>
<meta name="robots" content="index, follow, max-snippet:-1, max-image-preview:large, max-video-preview:-1" />
<link rel="canonical" href="https://imker-aigen.at/index.php/event/ausserordentliche-mitgliederversammlung-27-oktober-2026-neuwahl-des-vorstands/" />
<meta property="og:locale" content="de_DE" />
<meta property="og:type" content="article" />
<meta property="og:title" content="Außerordentliche Mitgliederversammlung für die Neuwahl des Vorstands - Imker Ortsgruppe Salzburg Aigen" />
<meta property="og:description" content="Neuwahl des Vorstands für eine Funktionsperiode von 4 Jahren Wer eine Aufgabe im Vorstand des Vereins übernehmen möchte, möge sich bitte umgehend melden! Wir werden die Zeit bis zur Neuwahl [&hellip;]" />
<meta property="og:url" content="https://imker-aigen.at/index.php/event/ausserordentliche-mitgliederversammlung-27-oktober-2026-neuwahl-des-vorstands/" />
<meta property="og:site_name" content="Imker Ortsgruppe Salzburg Aigen" />
<meta property="article:modified_time" content="2026-04-27T11:34:49+00:00" />
<meta name="twitter:card" content="summary_large_image" />
<script type="application/ld+json" class="yoast-schema-graph">{"@context":"https:\/\/schema.org","@graph":[{"@type":"WebPage","@id":"https:\/\/imker-aigen.at\/index.php\/event\/ausserordentliche-mitgliederversammlung-27-oktober-2026-neuwahl-des-vorstands\/","url":"https:\/\/imker-aigen.at\/index.php\/event\/ausserordentliche-mitgliederversammlung-27-oktober-2026-neuwahl-des-vorstands\/","name":"Außerordentliche Mitgliederversammlung für die Neuwahl des Vorstands - Imker Ortsgruppe Salzburg Aigen","isPartOf":{"@id":"https:\/\/imker-aigen.at\/#website"},"datePublished":"2025-09-01T10:00:39+00:00","dateModified":"2026-04-27T11:34:49+00:00","breadcrumb":{"@id":"https:\/\/imker-aigen.at\/index.php\/event\/ausserordentliche-mitgliederversammlung-27-oktober-2026-neuwahl-des-vorstands\/#breadcrumb"},"inLanguage":"de","potentialAction":[{"@type":"ReadAction","target":["https:\/\/imker-aigen.at\/index.php\/event\/ausserordentliche-mitgliederversammlung-27-oktober-2026-neuwahl-des-vorstands\/"]}]},{"@type":"BreadcrumbList","@id":"https:\/\/imker-aigen.at\/index.php\/event\/ausserordentliche-mitgliederversammlung-27-oktober-2026-neuwahl-des-vorstands\/#breadcrumb","itemListElement":[{"@type":"ListItem","position":1,"name":"Startseite","item":"https:\/\/imker-aigen.at\/index.php\/home\/"},{"@type":"ListItem","position":2,"name":"Veranstaltungen","item":"https:\/\/imker-aigen.at\/index.php\/events\/"},{"@type":"ListItem","position":3,"name":"Außerordentliche Mitgliederversammlung für die Neuwahl des Vorstands"}]},{"@type":"WebSite","@id":"https:\/\/imker-aigen.at\/#website","url":"https:\/\/imker-aigen.at\/","name":"Imker Ortsgruppe Salzburg Aigen","description":"Homepage der Imker-Ortsgruppe Salzburg Aigen","publisher":{"@id":"https:\/\/imker-aigen.at\/#organization"},"potentialAction":[{"@type":"SearchAction","target":{"@type":"EntryPoint","urlTemplate":"https:\/\/imker-aigen.at\/?s={search_term_string}"},"query-input":{"@type":"PropertyValueSpecification","valueRequired":true,"valueName":"search_term_string"}}],"inLanguage":"de"},{"@type":"Organization","@id":"https:\/\/imker-aigen.at\/#organization","name":"Imker Ortsgruppe Salzburg Aigen","url":"https:\/\/imker-aigen.at\/","logo":{"@type":"ImageObject","inLanguage":"de","@id":"https:\/\/imker-aigen.at\/#\/schema\/logo\/image\/","url":"https:\/\/imker-aigen.at\/wp-content\/uploads\/2022\/08\/logo-1.png","contentUrl":"https:\/\/imker-aigen.at\/wp-content\/uploads\/2022\/08\/logo-1.png","width":392,"height":156,"caption":"Imker Ortsgruppe Salzburg Aigen"},"image":{"@id":"https:\/\/imker-aigen.at\/#\/schema\/logo\/image\/"}}]}</script>
<!-- / Yoast SEO plugin. -->

Außerordentliche Mitgliederversammlung für die Neuwahl des Vorstands - Imker Ortsgruppe Salzburg Aigen

Neuwahl des Vorstands für eine Funktionsperiode von 4 Jahren Wer eine Aufgabe im Vorstand des Vereins übernehmen möchte, möge sich bitte umgehend melden! Wir werden die Zeit bis zur Neuwahl [&hellip;]
