{"id":9845,"date":"2026-03-28T20:30:56","date_gmt":"2026-03-28T19:30:56","guid":{"rendered":"https:\/\/imker-aigen.at\/?post_type=tribe_events&#038;p=9845"},"modified":"2026-04-08T08:43:48","modified_gmt":"2026-04-08T06:43:48","slug":"earth-hour-2026","status":"publish","type":"tribe_events","link":"https:\/\/imker-aigen.at\/index.php\/event\/earth-hour-2026\/","title":{"rendered":"Earth Hour 2026 &#8211; 60 Minuten Licht aus f\u00fcr die Erde"},"content":{"rendered":"<p><img decoding=\"async\" src=\"https:\/\/imker-aigen.at\/wp-content\/uploads\/2026\/03\/WWF_Earth_Hour_2026_Sujet_3.png\" alt=\"Earth Hour 2026 am 28.3.2026\" \/><br \/>\nDie von der <a href=\"http:\/\/www.wwf.at\">Natur- und Umweltschutzorganisation WWF<\/a> ins Leben gerufene Earth Hour soll ein sichtbares Zeichen daf\u00fcr setzen, dass sich die Menschheit mehr um ihren Planeten und den Klimaschutz k\u00fcmmern muss. Deshalb hei\u00dft es auch am 28.3.2026 um 20.30 Uhr: Licht aus f\u00fcr eine Stunde!<\/p>\n<p>Details siehe <a href=\"https:\/\/www.wwf.at\/earthhour\/\">WWF Earth Hour 2026<\/a><\/p>\n","protected":false},"excerpt":{"rendered":"<p>Die von der Natur- und Umweltschutzorganisation WWF ins Leben gerufene Earth Hour soll ein sichtbares Zeichen daf\u00fcr setzen, dass sich die Menschheit mehr um ihren Planeten und den Klimaschutz k\u00fcmmern [&hellip;]<\/p>\n","protected":false},"author":1,"featured_media":9852,"template":"","meta":{"_tribe_events_status":"","_tribe_events_status_reason":"","footnotes":""},"tags":[366,542],"tribe_events_cat":[17],"class_list":["post-9845","tribe_events","type-tribe_events","status-publish","has-post-thumbnail","hentry","tag-earth-hour","tag-wwf","tribe_events_cat-alte-veranstaltungen","cat_alte-veranstaltungen"],"yoast_head":"<!-- This site is optimized with the Yoast SEO plugin v27.5 - https:\/\/yoast.com\/product\/yoast-seo-wordpress\/ -->\n<title>Earth Hour 2026 - 60 Minuten Licht aus f\u00fcr die Erde - Imker Ortsgruppe Salzburg Aigen<\/title>\n<meta name=\"robots\" content=\"index, follow, max-snippet:-1, max-image-preview:large, max-video-preview:-1\" \/>\n<link rel=\"canonical\" href=\"https:\/\/imker-aigen.at\/index.php\/event\/earth-hour-2026\/\" \/>\n<meta property=\"og:locale\" content=\"de_DE\" \/>\n<meta property=\"og:type\" content=\"article\" \/>\n<meta property=\"og:title\" content=\"Earth Hour 2026 - 60 Minuten Licht aus f\u00fcr die Erde - Imker Ortsgruppe Salzburg Aigen\" \/>\n<meta property=\"og:description\" content=\"Die von der Natur- und Umweltschutzorganisation WWF ins Leben gerufene Earth Hour soll ein sichtbares Zeichen daf\u00fcr setzen, dass sich die Menschheit mehr um ihren Planeten und den Klimaschutz k\u00fcmmern [&hellip;]\" \/>\n<meta property=\"og:url\" content=\"https:\/\/imker-aigen.at\/index.php\/event\/earth-hour-2026\/\" \/>\n<meta property=\"og:site_name\" content=\"Imker Ortsgruppe Salzburg Aigen\" \/>\n<meta property=\"article:modified_time\" content=\"2026-04-08T06:43:48+00:00\" \/>\n<meta property=\"og:image\" content=\"https:\/\/imker-aigen.at\/wp-content\/uploads\/2026\/03\/WWF_Earth_Hour_2026_Key_Visual.png\" \/>\n\t<meta property=\"og:image:width\" content=\"1080\" \/>\n\t<meta property=\"og:image:height\" content=\"1080\" \/>\n\t<meta property=\"og:image:type\" content=\"image\/png\" \/>\n<meta name=\"twitter:card\" content=\"summary_large_image\" \/>\n<script type=\"application\/ld+json\" class=\"yoast-schema-graph\">{\"@context\":\"https:\\\/\\\/schema.org\",\"@graph\":[{\"@type\":\"WebPage\",\"@id\":\"https:\\\/\\\/imker-aigen.at\\\/index.php\\\/event\\\/earth-hour-2026\\\/\",\"url\":\"https:\\\/\\\/imker-aigen.at\\\/index.php\\\/event\\\/earth-hour-2026\\\/\",\"name\":\"Earth Hour 2026 - 60 Minuten Licht aus f\u00fcr die Erde - Imker Ortsgruppe Salzburg Aigen\",\"isPartOf\":{\"@id\":\"https:\\\/\\\/imker-aigen.at\\\/#website\"},\"primaryImageOfPage\":{\"@id\":\"https:\\\/\\\/imker-aigen.at\\\/index.php\\\/event\\\/earth-hour-2026\\\/#primaryimage\"},\"image\":{\"@id\":\"https:\\\/\\\/imker-aigen.at\\\/index.php\\\/event\\\/earth-hour-2026\\\/#primaryimage\"},\"thumbnailUrl\":\"https:\\\/\\\/imker-aigen.at\\\/wp-content\\\/uploads\\\/2026\\\/03\\\/WWF_Earth_Hour_2026_Key_Visual.png\",\"datePublished\":\"2026-03-28T19:30:56+00:00\",\"dateModified\":\"2026-04-08T06:43:48+00:00\",\"breadcrumb\":{\"@id\":\"https:\\\/\\\/imker-aigen.at\\\/index.php\\\/event\\\/earth-hour-2026\\\/#breadcrumb\"},\"inLanguage\":\"de\",\"potentialAction\":[{\"@type\":\"ReadAction\",\"target\":[\"https:\\\/\\\/imker-aigen.at\\\/index.php\\\/event\\\/earth-hour-2026\\\/\"]}]},{\"@type\":\"ImageObject\",\"inLanguage\":\"de\",\"@id\":\"https:\\\/\\\/imker-aigen.at\\\/index.php\\\/event\\\/earth-hour-2026\\\/#primaryimage\",\"url\":\"https:\\\/\\\/imker-aigen.at\\\/wp-content\\\/uploads\\\/2026\\\/03\\\/WWF_Earth_Hour_2026_Key_Visual.png\",\"contentUrl\":\"https:\\\/\\\/imker-aigen.at\\\/wp-content\\\/uploads\\\/2026\\\/03\\\/WWF_Earth_Hour_2026_Key_Visual.png\",\"width\":1080,\"height\":1080},{\"@type\":\"BreadcrumbList\",\"@id\":\"https:\\\/\\\/imker-aigen.at\\\/index.php\\\/event\\\/earth-hour-2026\\\/#breadcrumb\",\"itemListElement\":[{\"@type\":\"ListItem\",\"position\":1,\"name\":\"Startseite\",\"item\":\"https:\\\/\\\/imker-aigen.at\\\/index.php\\\/home\\\/\"},{\"@type\":\"ListItem\",\"position\":2,\"name\":\"Veranstaltungen\",\"item\":\"https:\\\/\\\/imker-aigen.at\\\/index.php\\\/events\\\/\"},{\"@type\":\"ListItem\",\"position\":3,\"name\":\"Earth Hour 2026 &#8211; 60 Minuten Licht aus f\u00fcr die Erde\"}]},{\"@type\":\"WebSite\",\"@id\":\"https:\\\/\\\/imker-aigen.at\\\/#website\",\"url\":\"https:\\\/\\\/imker-aigen.at\\\/\",\"name\":\"Imker Ortsgruppe Salzburg Aigen\",\"description\":\"Homepage der Imker-Ortsgruppe Salzburg Aigen\",\"publisher\":{\"@id\":\"https:\\\/\\\/imker-aigen.at\\\/#organization\"},\"potentialAction\":[{\"@type\":\"SearchAction\",\"target\":{\"@type\":\"EntryPoint\",\"urlTemplate\":\"https:\\\/\\\/imker-aigen.at\\\/?s={search_term_string}\"},\"query-input\":{\"@type\":\"PropertyValueSpecification\",\"valueRequired\":true,\"valueName\":\"search_term_string\"}}],\"inLanguage\":\"de\"},{\"@type\":\"Organization\",\"@id\":\"https:\\\/\\\/imker-aigen.at\\\/#organization\",\"name\":\"Imker Ortsgruppe Salzburg Aigen\",\"url\":\"https:\\\/\\\/imker-aigen.at\\\/\",\"logo\":{\"@type\":\"ImageObject\",\"inLanguage\":\"de\",\"@id\":\"https:\\\/\\\/imker-aigen.at\\\/#\\\/schema\\\/logo\\\/image\\\/\",\"url\":\"https:\\\/\\\/imker-aigen.at\\\/wp-content\\\/uploads\\\/2022\\\/08\\\/logo-1.png\",\"contentUrl\":\"https:\\\/\\\/imker-aigen.at\\\/wp-content\\\/uploads\\\/2022\\\/08\\\/logo-1.png\",\"width\":392,\"height\":156,\"caption\":\"Imker Ortsgruppe Salzburg Aigen\"},\"image\":{\"@id\":\"https:\\\/\\\/imker-aigen.at\\\/#\\\/schema\\\/logo\\\/image\\\/\"}}]}<\/script>\n<!-- \/ Yoast SEO plugin. -->","yoast_head_json":{"title":"Earth Hour 2026 - 60 Minuten Licht aus f\u00fcr die Erde - Imker Ortsgruppe Salzburg Aigen","robots":{"index":"index","follow":"follow","max-snippet":"max-snippet:-1","max-image-preview":"max-image-preview:large","max-video-preview":"max-video-preview:-1"},"canonical":"https:\/\/imker-aigen.at\/index.php\/event\/earth-hour-2026\/","og_locale":"de_DE","og_type":"article","og_title":"Earth Hour 2026 - 60 Minuten Licht aus f\u00fcr die Erde - Imker Ortsgruppe Salzburg Aigen","og_description":"Die von der Natur- und Umweltschutzorganisation WWF ins Leben gerufene Earth Hour soll ein sichtbares Zeichen daf\u00fcr setzen, dass sich die Menschheit mehr um ihren Planeten und den Klimaschutz k\u00fcmmern [&hellip;]","og_url":"https:\/\/imker-aigen.at\/index.php\/event\/earth-hour-2026\/","og_site_name":"Imker Ortsgruppe Salzburg Aigen","article_modified_time":"2026-04-08T06:43:48+00:00","og_image":[{"width":1080,"height":1080,"url":"https:\/\/imker-aigen.at\/wp-content\/uploads\/2026\/03\/WWF_Earth_Hour_2026_Key_Visual.png","type":"image\/png"}],"twitter_card":"summary_large_image","schema":{"@context":"https:\/\/schema.org","@graph":[{"@type":"WebPage","@id":"https:\/\/imker-aigen.at\/index.php\/event\/earth-hour-2026\/","url":"https:\/\/imker-aigen.at\/index.php\/event\/earth-hour-2026\/","name":"Earth Hour 2026 - 60 Minuten Licht aus f\u00fcr die Erde - Imker Ortsgruppe Salzburg Aigen","isPartOf":{"@id":"https:\/\/imker-aigen.at\/#website"},"primaryImageOfPage":{"@id":"https:\/\/imker-aigen.at\/index.php\/event\/earth-hour-2026\/#primaryimage"},"image":{"@id":"https:\/\/imker-aigen.at\/index.php\/event\/earth-hour-2026\/#primaryimage"},"thumbnailUrl":"https:\/\/imker-aigen.at\/wp-content\/uploads\/2026\/03\/WWF_Earth_Hour_2026_Key_Visual.png","datePublished":"2026-03-28T19:30:56+00:00","dateModified":"2026-04-08T06:43:48+00:00","breadcrumb":{"@id":"https:\/\/imker-aigen.at\/index.php\/event\/earth-hour-2026\/#breadcrumb"},"inLanguage":"de","potentialAction":[{"@type":"ReadAction","target":["https:\/\/imker-aigen.at\/index.php\/event\/earth-hour-2026\/"]}]},{"@type":"ImageObject","inLanguage":"de","@id":"https:\/\/imker-aigen.at\/index.php\/event\/earth-hour-2026\/#primaryimage","url":"https:\/\/imker-aigen.at\/wp-content\/uploads\/2026\/03\/WWF_Earth_Hour_2026_Key_Visual.png","contentUrl":"https:\/\/imker-aigen.at\/wp-content\/uploads\/2026\/03\/WWF_Earth_Hour_2026_Key_Visual.png","width":1080,"height":1080},{"@type":"BreadcrumbList","@id":"https:\/\/imker-aigen.at\/index.php\/event\/earth-hour-2026\/#breadcrumb","itemListElement":[{"@type":"ListItem","position":1,"name":"Startseite","item":"https:\/\/imker-aigen.at\/index.php\/home\/"},{"@type":"ListItem","position":2,"name":"Veranstaltungen","item":"https:\/\/imker-aigen.at\/index.php\/events\/"},{"@type":"ListItem","position":3,"name":"Earth Hour 2026 &#8211; 60 Minuten Licht aus f\u00fcr die Erde"}]},{"@type":"WebSite","@id":"https:\/\/imker-aigen.at\/#website","url":"https:\/\/imker-aigen.at\/","name":"Imker Ortsgruppe Salzburg Aigen","description":"Homepage der Imker-Ortsgruppe Salzburg Aigen","publisher":{"@id":"https:\/\/imker-aigen.at\/#organization"},"potentialAction":[{"@type":"SearchAction","target":{"@type":"EntryPoint","urlTemplate":"https:\/\/imker-aigen.at\/?s={search_term_string}"},"query-input":{"@type":"PropertyValueSpecification","valueRequired":true,"valueName":"search_term_string"}}],"inLanguage":"de"},{"@type":"Organization","@id":"https:\/\/imker-aigen.at\/#organization","name":"Imker Ortsgruppe Salzburg Aigen","url":"https:\/\/imker-aigen.at\/","logo":{"@type":"ImageObject","inLanguage":"de","@id":"https:\/\/imker-aigen.at\/#\/schema\/logo\/image\/","url":"https:\/\/imker-aigen.at\/wp-content\/uploads\/2022\/08\/logo-1.png","contentUrl":"https:\/\/imker-aigen.at\/wp-content\/uploads\/2022\/08\/logo-1.png","width":392,"height":156,"caption":"Imker Ortsgruppe Salzburg Aigen"},"image":{"@id":"https:\/\/imker-aigen.at\/#\/schema\/logo\/image\/"}}]}},"_links":{"self":[{"href":"https:\/\/imker-aigen.at\/index.php\/wp-json\/wp\/v2\/tribe_events\/9845","targetHints":{"allow":["GET"]}}],"collection":[{"href":"https:\/\/imker-aigen.at\/index.php\/wp-json\/wp\/v2\/tribe_events"}],"about":[{"href":"https:\/\/imker-aigen.at\/index.php\/wp-json\/wp\/v2\/types\/tribe_events"}],"author":[{"embeddable":true,"href":"https:\/\/imker-aigen.at\/index.php\/wp-json\/wp\/v2\/users\/1"}],"version-history":[{"count":4,"href":"https:\/\/imker-aigen.at\/index.php\/wp-json\/wp\/v2\/tribe_events\/9845\/revisions"}],"predecessor-version":[{"id":9855,"href":"https:\/\/imker-aigen.at\/index.php\/wp-json\/wp\/v2\/tribe_events\/9845\/revisions\/9855"}],"wp:featuredmedia":[{"embeddable":true,"href":"https:\/\/imker-aigen.at\/index.php\/wp-json\/wp\/v2\/media\/9852"}],"wp:attachment":[{"href":"https:\/\/imker-aigen.at\/index.php\/wp-json\/wp\/v2\/media?parent=9845"}],"wp:term":[{"taxonomy":"post_tag","embeddable":true,"href":"https:\/\/imker-aigen.at\/index.php\/wp-json\/wp\/v2\/tags?post=9845"},{"taxonomy":"tribe_events_cat","embeddable":true,"href":"https:\/\/imker-aigen.at\/index.php\/wp-json\/wp\/v2\/tribe_events_cat?post=9845"}],"curies":[{"name":"wp","href":"https:\/\/api.w.org\/{rel}","templated":true}]}}

Earth Hour 2026 &#8211; 60 Minuten Licht aus für die Erde

<p><img decoding="async" src="https://imker-aigen.at/wp-content/uploads/2026/03/WWF_Earth_Hour_2026_Sujet_3.png" alt="Earth Hour 2026 am 28.3.2026" /><br />
Die von der <a href="http://www.wwf.at">Natur- und Umweltschutzorganisation WWF</a> ins Leben gerufene Earth Hour soll ein sichtbares Zeichen dafür setzen, dass sich die Menschheit mehr um ihren Planeten und den Klimaschutz kümmern muss. Deshalb heißt es auch am 28.3.2026 um 20.30 Uhr: Licht aus für eine Stunde!</p>
<p>Details siehe <a href="https://www.wwf.at/earthhour/">WWF Earth Hour 2026</a></p>

<p>Die von der Natur- und Umweltschutzorganisation WWF ins Leben gerufene Earth Hour soll ein sichtbares Zeichen dafür setzen, dass sich die Menschheit mehr um ihren Planeten und den Klimaschutz kümmern [&hellip;]</p>

<!-- This site is optimized with the Yoast SEO plugin v27.5 - https://yoast.com/product/yoast-seo-wordpress/ -->
<title>Earth Hour 2026 - 60 Minuten Licht aus für die Erde - Imker Ortsgruppe Salzburg Aigen</title>
<meta name="robots" content="index, follow, max-snippet:-1, max-image-preview:large, max-video-preview:-1" />
<link rel="canonical" href="https://imker-aigen.at/index.php/event/earth-hour-2026/" />
<meta property="og:locale" content="de_DE" />
<meta property="og:type" content="article" />
<meta property="og:title" content="Earth Hour 2026 - 60 Minuten Licht aus für die Erde - Imker Ortsgruppe Salzburg Aigen" />
<meta property="og:description" content="Die von der Natur- und Umweltschutzorganisation WWF ins Leben gerufene Earth Hour soll ein sichtbares Zeichen dafür setzen, dass sich die Menschheit mehr um ihren Planeten und den Klimaschutz kümmern [&hellip;]" />
<meta property="og:url" content="https://imker-aigen.at/index.php/event/earth-hour-2026/" />
<meta property="og:site_name" content="Imker Ortsgruppe Salzburg Aigen" />
<meta property="article:modified_time" content="2026-04-08T06:43:48+00:00" />
<meta property="og:image" content="https://imker-aigen.at/wp-content/uploads/2026/03/WWF_Earth_Hour_2026_Key_Visual.png" />
	<meta property="og:image:width" content="1080" />
	<meta property="og:image:height" content="1080" />
	<meta property="og:image:type" content="image/png" />
<meta name="twitter:card" content="summary_large_image" />
<script type="application/ld+json" class="yoast-schema-graph">{"@context":"https:\/\/schema.org","@graph":[{"@type":"WebPage","@id":"https:\/\/imker-aigen.at\/index.php\/event\/earth-hour-2026\/","url":"https:\/\/imker-aigen.at\/index.php\/event\/earth-hour-2026\/","name":"Earth Hour 2026 - 60 Minuten Licht aus für die Erde - Imker Ortsgruppe Salzburg Aigen","isPartOf":{"@id":"https:\/\/imker-aigen.at\/#website"},"primaryImageOfPage":{"@id":"https:\/\/imker-aigen.at\/index.php\/event\/earth-hour-2026\/#primaryimage"},"image":{"@id":"https:\/\/imker-aigen.at\/index.php\/event\/earth-hour-2026\/#primaryimage"},"thumbnailUrl":"https:\/\/imker-aigen.at\/wp-content\/uploads\/2026\/03\/WWF_Earth_Hour_2026_Key_Visual.png","datePublished":"2026-03-28T19:30:56+00:00","dateModified":"2026-04-08T06:43:48+00:00","breadcrumb":{"@id":"https:\/\/imker-aigen.at\/index.php\/event\/earth-hour-2026\/#breadcrumb"},"inLanguage":"de","potentialAction":[{"@type":"ReadAction","target":["https:\/\/imker-aigen.at\/index.php\/event\/earth-hour-2026\/"]}]},{"@type":"ImageObject","inLanguage":"de","@id":"https:\/\/imker-aigen.at\/index.php\/event\/earth-hour-2026\/#primaryimage","url":"https:\/\/imker-aigen.at\/wp-content\/uploads\/2026\/03\/WWF_Earth_Hour_2026_Key_Visual.png","contentUrl":"https:\/\/imker-aigen.at\/wp-content\/uploads\/2026\/03\/WWF_Earth_Hour_2026_Key_Visual.png","width":1080,"height":1080},{"@type":"BreadcrumbList","@id":"https:\/\/imker-aigen.at\/index.php\/event\/earth-hour-2026\/#breadcrumb","itemListElement":[{"@type":"ListItem","position":1,"name":"Startseite","item":"https:\/\/imker-aigen.at\/index.php\/home\/"},{"@type":"ListItem","position":2,"name":"Veranstaltungen","item":"https:\/\/imker-aigen.at\/index.php\/events\/"},{"@type":"ListItem","position":3,"name":"Earth Hour 2026 &#8211; 60 Minuten Licht aus für die Erde"}]},{"@type":"WebSite","@id":"https:\/\/imker-aigen.at\/#website","url":"https:\/\/imker-aigen.at\/","name":"Imker Ortsgruppe Salzburg Aigen","description":"Homepage der Imker-Ortsgruppe Salzburg Aigen","publisher":{"@id":"https:\/\/imker-aigen.at\/#organization"},"potentialAction":[{"@type":"SearchAction","target":{"@type":"EntryPoint","urlTemplate":"https:\/\/imker-aigen.at\/?s={search_term_string}"},"query-input":{"@type":"PropertyValueSpecification","valueRequired":true,"valueName":"search_term_string"}}],"inLanguage":"de"},{"@type":"Organization","@id":"https:\/\/imker-aigen.at\/#organization","name":"Imker Ortsgruppe Salzburg Aigen","url":"https:\/\/imker-aigen.at\/","logo":{"@type":"ImageObject","inLanguage":"de","@id":"https:\/\/imker-aigen.at\/#\/schema\/logo\/image\/","url":"https:\/\/imker-aigen.at\/wp-content\/uploads\/2022\/08\/logo-1.png","contentUrl":"https:\/\/imker-aigen.at\/wp-content\/uploads\/2022\/08\/logo-1.png","width":392,"height":156,"caption":"Imker Ortsgruppe Salzburg Aigen"},"image":{"@id":"https:\/\/imker-aigen.at\/#\/schema\/logo\/image\/"}}]}</script>
<!-- / Yoast SEO plugin. -->

Earth Hour 2026 - 60 Minuten Licht aus für die Erde - Imker Ortsgruppe Salzburg Aigen

Die von der Natur- und Umweltschutzorganisation WWF ins Leben gerufene Earth Hour soll ein sichtbares Zeichen dafür setzen, dass sich die Menschheit mehr um ihren Planeten und den Klimaschutz kümmern [&hellip;]
